{"id":9901,"date":"2023-07-15T23:58:19","date_gmt":"2023-07-15T23:58:19","guid":{"rendered":"https:\/\/gymupstore.cl\/?post_type=product&#038;p=9901"},"modified":"2023-07-15T23:59:52","modified_gmt":"2023-07-15T23:59:52","slug":"grid-legends-ps5","status":"publish","type":"product","link":"https:\/\/gymupstore.cl\/index.php\/producto\/grid-legends-ps5\/","title":{"rendered":"Grid Legends | PS5"},"content":{"rendered":"<div class=\"video-shortcode\"><iframe title=\"Grid Legends - Features Trailer | PS5, PS4\" width=\"1325\" height=\"745\" src=\"https:\/\/www.youtube.com\/embed\/LomrT6DOZ18?feature=oembed\" frameborder=\"0\" allow=\"accelerometer; autoplay; clipboard-write; encrypted-media; gyroscope; picture-in-picture; web-share\" allowfullscreen><\/iframe><\/div>\n<p>Sum\u00e9rgete en el drama de una producci\u00f3n virtual inmersiva y disfruta de la sensaci\u00f3n de las carreras con acci\u00f3n espectacular.<\/p>\n<p><strong>PARA QUIENES BUSCAN EMOCIONES FUERTES EN LAS CARRERAS<\/strong><\/p>\n<p>GRID\u2122 Legends te ofrece una competici\u00f3n automovil\u00edstica trepidante por todo el mundo. \u00a1Crea y domina eventos de ensue\u00f1o, vive una historia de producci\u00f3n virtual dram\u00e1tica y disfruta de la sensaci\u00f3n de las carreras m\u00e1s espectaculares!<\/p>\n<p><strong>CARRERAS SOCIALES, CONECTADAS Y EMOCIONANTES<\/strong><\/p>\n<p>GRID\u2122 Legends se disfruta m\u00e1s con amigos y otros pilotos. Entra a la acci\u00f3n sin interrupciones, organiza la sesi\u00f3n multijugador perfecta y crea historias con otros pilotos. Participa en eventos en tiempo real, dise\u00f1a carreras abiertas desde el Creador de carreras, busca eventos en directo seg\u00fan tus preferencias o crea una sala privada para tu grupo. \u00a1Los jugadores pueden permitir que tanto amigos como enemigos entren en cualquier evento de Carrera profesional en tiempo real!<\/p>\n<p><strong>CARRERAS ENTRE PLATAFORMA<\/strong>S<\/p>\n<p>Sin importar c\u00f3mo compitas, puedes hacerlo con m\u00e1s jugadores gracias al juego entre generaciones y al juego cruzado entre plataformas entre consolas y PC.<\/p>\n<p><strong>EL MODO CARRERA PROFESIONAL M\u00c1S GRANDE DE LA HISTORIA<\/strong><\/p>\n<p>El modo Carrera profesional de GRID m\u00e1s grande de la historia ofrece una emocionante aventura automovil\u00edstica. Conquista cientos de eventos, mejora tus coches y crea un equipo de carreras de ensue\u00f1o.<\/p>\n<p><strong>NUEVAS UBICACIONES<\/strong><\/p>\n<p>En exclusiva para GRID\u2122 Legends, compite por lugares emblem\u00e1ticos en las calles de Londres y de Mosc\u00fa y compite en el enorme Strada Alpina<\/p>\n<p><strong>VARIEDAD AUTOMOVIL\u00cdSTICA<\/strong><\/p>\n<p>Desde tr\u00e1ileres con plataformas hasta monoplazas, hipercoches el\u00e9ctricos o turismos ic\u00f3nicos: \u00a1GRID\u2122 Legends ofrece m\u00e1s variedad de coches que nunca!<\/p>\n","protected":false},"excerpt":{"rendered":"<p>Sum\u00e9rgete en el drama de una producci\u00f3n virtual inmersiva y [&hellip;]<\/p>\n","protected":false},"featured_media":9909,"comment_status":"open","ping_status":"closed","template":"","meta":[],"location":[495],"product_cat":[526,519,596,496],"product_tag":[],"locations":[{"id":495,"name":"PMC","slug":"gymupstore-pmc","quantity":"1"}],"_links":{"self":[{"href":"https:\/\/gymupstore.cl\/index.php\/wp-json\/wp\/v2\/product\/9901"}],"collection":[{"href":"https:\/\/gymupstore.cl\/index.php\/wp-json\/wp\/v2\/product"}],"about":[{"href":"https:\/\/gymupstore.cl\/index.php\/wp-json\/wp\/v2\/types\/product"}],"replies":[{"embeddable":true,"href":"https:\/\/gymupstore.cl\/index.php\/wp-json\/wp\/v2\/comments?post=9901"}],"wp:featuredmedia":[{"embeddable":true,"href":"https:\/\/gymupstore.cl\/index.php\/wp-json\/wp\/v2\/media\/9909"}],"wp:attachment":[{"href":"https:\/\/gymupstore.cl\/index.php\/wp-json\/wp\/v2\/media?parent=9901"}],"wp:term":[{"taxonomy":"location","embeddable":true,"href":"https:\/\/gymupstore.cl\/index.php\/wp-json\/wp\/v2\/location?post=9901"},{"taxonomy":"product_cat","embeddable":true,"href":"https:\/\/gymupstore.cl\/index.php\/wp-json\/wp\/v2\/product_cat?post=9901"},{"taxonomy":"product_tag","embeddable":true,"href":"https:\/\/gymupstore.cl\/index.php\/wp-json\/wp\/v2\/product_tag?post=9901"}],"curies":[{"name":"wp","href":"https:\/\/api.w.org\/{rel}","templated":true}]}}