{"id":9136,"date":"2023-05-09T04:59:23","date_gmt":"2023-05-09T04:59:23","guid":{"rendered":"https:\/\/gymupstore.cl\/?post_type=product&#038;p=9136"},"modified":"2023-07-15T04:47:18","modified_gmt":"2023-07-15T04:47:18","slug":"game-boy-color","status":"publish","type":"product","link":"https:\/\/gymupstore.cl\/index.php\/producto\/game-boy-color\/","title":{"rendered":"Game Boy Color (Usado) | Teal"},"content":{"rendered":"<p>Sali\u00f3 al mercado en Jap\u00f3n el 23 de octubre de 1998 por el retraso del lanzamiento de la futura Game Boy Advance que saldr\u00eda a la venta en 1997, pero Nintendo decidi\u00f3 seguir mejorando la Game Boy Advance. Por el retraso de este lanzamiento sale una consola no pensada: Game Boy Color.<\/p>\n<p>Hay tres tipos de juegos compatibles con Game Boy Color: los juegos originales de Game Boy (cartuchos frecuentemente de color gris), los juegos de Game Boy Color compatibles con Game Boy (cartuchos negros, dorados y plateados) y finalmente los juegos exclusivos que solo se pueden utilizar en Game Boy Color (cartuchos transparentes). La Game Boy Color, al igual que el perif\u00e9rico Super Game Boy, permite que los juegos de Game Boy monocrom\u00e1ticos de cuatro tonos de gris, se pueden jugar con 4 colores seleccionables desde una paleta de 32 colores preprogramada.<\/p>\n","protected":false},"excerpt":{"rendered":"<ul>\n<li>Consola Original reacondicionada con caja.<\/li>\n<li>No inclutye juego.<\/li>\n<li>Nintendo \/ Quinta generaci\u00f3n<\/li>\n<li>Soporte: Cartuchos Game Boy 2 MB \/ Cartuchos Game Boy Color 4 MB<\/li>\n<li>Compatibilidad: Nintendo 64, Nintendo Gamecube, Game Boy<\/li>\n<li>Retrocompatibilidad: Game Boy<\/li>\n<\/ul>\n","protected":false},"featured_media":9139,"comment_status":"open","ping_status":"closed","template":"","meta":[],"location":[495],"product_cat":[613,536,523,496],"product_tag":[],"locations":[{"id":495,"name":"PMC","slug":"gymupstore-pmc","quantity":"0"}],"_links":{"self":[{"href":"https:\/\/gymupstore.cl\/index.php\/wp-json\/wp\/v2\/product\/9136"}],"collection":[{"href":"https:\/\/gymupstore.cl\/index.php\/wp-json\/wp\/v2\/product"}],"about":[{"href":"https:\/\/gymupstore.cl\/index.php\/wp-json\/wp\/v2\/types\/product"}],"replies":[{"embeddable":true,"href":"https:\/\/gymupstore.cl\/index.php\/wp-json\/wp\/v2\/comments?post=9136"}],"wp:featuredmedia":[{"embeddable":true,"href":"https:\/\/gymupstore.cl\/index.php\/wp-json\/wp\/v2\/media\/9139"}],"wp:attachment":[{"href":"https:\/\/gymupstore.cl\/index.php\/wp-json\/wp\/v2\/media?parent=9136"}],"wp:term":[{"taxonomy":"location","embeddable":true,"href":"https:\/\/gymupstore.cl\/index.php\/wp-json\/wp\/v2\/location?post=9136"},{"taxonomy":"product_cat","embeddable":true,"href":"https:\/\/gymupstore.cl\/index.php\/wp-json\/wp\/v2\/product_cat?post=9136"},{"taxonomy":"product_tag","embeddable":true,"href":"https:\/\/gymupstore.cl\/index.php\/wp-json\/wp\/v2\/product_tag?post=9136"}],"curies":[{"name":"wp","href":"https:\/\/api.w.org\/{rel}","templated":true}]}}