{"id":8986,"date":"2023-04-27T02:23:03","date_gmt":"2023-04-27T02:23:03","guid":{"rendered":"https:\/\/gymupstore.cl\/?post_type=product&#038;p=8986"},"modified":"2023-04-27T02:25:11","modified_gmt":"2023-04-27T02:25:11","slug":"cars-3-driven-to-win-nsw","status":"publish","type":"product","link":"https:\/\/gymupstore.cl\/index.php\/producto\/cars-3-driven-to-win-nsw\/","title":{"rendered":"Cars 3: Driven to Win | NSW"},"content":{"rendered":"<div class=\"video-shortcode\"><iframe title=\"Cars 3: Driven to Win | Launch Trailer\" width=\"1325\" height=\"745\" src=\"https:\/\/www.youtube.com\/embed\/RzIo_8xAdxI?feature=oembed\" frameborder=\"0\" allow=\"accelerometer; autoplay; clipboard-write; encrypted-media; gyroscope; picture-in-picture; web-share\" allowfullscreen><\/iframe><\/div>\n<p>Calienta motores y prep\u00e1rate para la experiencia automovil\u00edstica definitiva en Cars 3: Hacia la victoria, inspirado en la pel\u00edcula de Disney\u2022Pixar, Cars 3. Juega con m\u00e1s de 20 personajes personalizables, incluyendo a Rayo McQueen, Jackson Storm, Cruz Ramirez y la nueva generaci\u00f3n de corredores en m\u00e1s de 20 pistas, basadas en los ic\u00f3nicos escenarios de la pel\u00edcula, como Radiador Springs. Practica y mejora tus aptitudes al volante en 6 modos de juego y reta a tu familia y amigos a una carrera de combate para convertirte en campe\u00f3n. En tu carrera por convertirte en un corredor digno del Sal\u00f3n de la fama, el talento y la pr\u00e1ctica te dar\u00e1n lo que necesitas para ganar.<\/p>\n","protected":false},"excerpt":{"rendered":"<p>Calienta motores y prep\u00e1rate para la experiencia automovil\u00edstica definitiva en [&hellip;]<\/p>\n","protected":false},"featured_media":8987,"comment_status":"open","ping_status":"closed","template":"","meta":[],"location":[495],"product_cat":[523,517,496],"product_tag":[],"locations":[{"id":495,"name":"PMC","slug":"gymupstore-pmc","quantity":"1"}],"_links":{"self":[{"href":"https:\/\/gymupstore.cl\/index.php\/wp-json\/wp\/v2\/product\/8986"}],"collection":[{"href":"https:\/\/gymupstore.cl\/index.php\/wp-json\/wp\/v2\/product"}],"about":[{"href":"https:\/\/gymupstore.cl\/index.php\/wp-json\/wp\/v2\/types\/product"}],"replies":[{"embeddable":true,"href":"https:\/\/gymupstore.cl\/index.php\/wp-json\/wp\/v2\/comments?post=8986"}],"wp:featuredmedia":[{"embeddable":true,"href":"https:\/\/gymupstore.cl\/index.php\/wp-json\/wp\/v2\/media\/8987"}],"wp:attachment":[{"href":"https:\/\/gymupstore.cl\/index.php\/wp-json\/wp\/v2\/media?parent=8986"}],"wp:term":[{"taxonomy":"location","embeddable":true,"href":"https:\/\/gymupstore.cl\/index.php\/wp-json\/wp\/v2\/location?post=8986"},{"taxonomy":"product_cat","embeddable":true,"href":"https:\/\/gymupstore.cl\/index.php\/wp-json\/wp\/v2\/product_cat?post=8986"},{"taxonomy":"product_tag","embeddable":true,"href":"https:\/\/gymupstore.cl\/index.php\/wp-json\/wp\/v2\/product_tag?post=8986"}],"curies":[{"name":"wp","href":"https:\/\/api.w.org\/{rel}","templated":true}]}}