{"id":8935,"date":"2023-04-26T05:02:29","date_gmt":"2023-04-26T05:02:29","guid":{"rendered":"https:\/\/gymupstore.cl\/?post_type=product&#038;p=8935"},"modified":"2023-04-26T16:02:36","modified_gmt":"2023-04-26T16:02:36","slug":"el-regreso-de-mary-poppins-2018-bluray-dvd-original","status":"publish","type":"product","link":"https:\/\/gymupstore.cl\/index.php\/producto\/el-regreso-de-mary-poppins-2018-bluray-dvd-original\/","title":{"rendered":"El regreso de Mary Poppins (2018) | Bluray + DVD Original"},"content":{"rendered":"<div class=\"video-shortcode\"><iframe title=\"El Regreso de Mary Poppins, de Disney \u2013 \u00daltimo tr\u00e1iler oficial (Subtitulado)\" width=\"1325\" height=\"745\" src=\"https:\/\/www.youtube.com\/embed\/DkGoJmzaBxw?feature=oembed\" frameborder=\"0\" allow=\"accelerometer; autoplay; clipboard-write; encrypted-media; gyroscope; picture-in-picture; web-share\" allowfullscreen><\/iframe><\/div>\n<p><strong>Edici\u00f3n que incluye Blu-ray y DVD de la pel\u00edcula<\/strong><\/p>\n<p>La magia contin\u00faa en el cl\u00e1sico de Disney cuando Mary Poppins (Emily Blunt) ayuda a la familia Banks a recordar la dicha\u00a0de ser ni\u00f1o. Junto a su amigo Jack el farolero (Lin-Manuel Miranda), ella vuelve a traer la diversi\u00f3n a las calles de Londres\u00a0en una celebraci\u00f3n que muestra que incluso lo imposible es posible!<\/p>\n<p>Material Extra:<\/p>\n<ul>\n<li>Una versi\u00f3n Sing Along de la pel\u00edcula.<\/li>\n<li>C\u00f3mo se hizo pr\u00e1cticamente con toda perfecci\u00f3n El regreso de Mary Poppins<\/li>\n<li>&#8220;Ver todo desde otra perspectiva&#8221;: Los n\u00fameros musicales de El regreso de Mary Poppins<\/li>\n<li>&#8220;Da un pasito luminoso&#8221;<\/li>\n<li>&#8220;El Royal Doulton Music Hall \/ Un libro no es lo que ves&#8221;<\/li>\n<li>&#8220;D\u00eda tremebundo&#8221;<\/li>\n<li>&#8220;\u00bfQui\u00e9n iba a imaginar?&#8221;<\/li>\n<li>De nuevo en Cherry Tree Lane: El regreso de Dick Van Dyke<\/li>\n<li>Pr\u00e1cticamente toda perfecci\u00f3n en Bloopers<\/li>\n<li>Escena eliminada<\/li>\n<\/ul>\n","protected":false},"excerpt":{"rendered":"<ul>\n<li class=\"dvInfoGral\"><span class=\"txTituloInfoGral\">Actores:\u00a0<\/span><span class=\"txValueInfoGral\">Emily Blunt, Lin-Manuel Miranda, Ben Whishaw<\/span><\/li>\n<li class=\"dvInfoGral\">Director:\u00a0<span class=\"txValueInfoGral\">Rob Marshall<\/span><\/li>\n<li class=\"dvInfoGral\">Edad:\u00a0<span class=\"txValueInfoGral\">Recomendado mayores de 3 a\u00f1os<\/span><\/li>\n<li class=\"dvInfoGral\">Idioma:\u00a0<span class=\"txValueInfoGral\">Multilenguaje (Incluye Castellano)<\/span><\/li>\n<\/ul>\n","protected":false},"featured_media":8936,"comment_status":"open","ping_status":"closed","template":"","meta":[],"location":[495],"product_cat":[538,571,569,572,521,496],"product_tag":[],"locations":[{"id":495,"name":"PMC","slug":"gymupstore-pmc","quantity":"1"}],"_links":{"self":[{"href":"https:\/\/gymupstore.cl\/index.php\/wp-json\/wp\/v2\/product\/8935"}],"collection":[{"href":"https:\/\/gymupstore.cl\/index.php\/wp-json\/wp\/v2\/product"}],"about":[{"href":"https:\/\/gymupstore.cl\/index.php\/wp-json\/wp\/v2\/types\/product"}],"replies":[{"embeddable":true,"href":"https:\/\/gymupstore.cl\/index.php\/wp-json\/wp\/v2\/comments?post=8935"}],"wp:featuredmedia":[{"embeddable":true,"href":"https:\/\/gymupstore.cl\/index.php\/wp-json\/wp\/v2\/media\/8936"}],"wp:attachment":[{"href":"https:\/\/gymupstore.cl\/index.php\/wp-json\/wp\/v2\/media?parent=8935"}],"wp:term":[{"taxonomy":"location","embeddable":true,"href":"https:\/\/gymupstore.cl\/index.php\/wp-json\/wp\/v2\/location?post=8935"},{"taxonomy":"product_cat","embeddable":true,"href":"https:\/\/gymupstore.cl\/index.php\/wp-json\/wp\/v2\/product_cat?post=8935"},{"taxonomy":"product_tag","embeddable":true,"href":"https:\/\/gymupstore.cl\/index.php\/wp-json\/wp\/v2\/product_tag?post=8935"}],"curies":[{"name":"wp","href":"https:\/\/api.w.org\/{rel}","templated":true}]}}