{"id":8882,"date":"2023-04-25T00:08:17","date_gmt":"2023-04-25T03:08:17","guid":{"rendered":"https:\/\/gymupstore.cl\/?post_type=product&#038;p=8882"},"modified":"2024-08-07T00:10:22","modified_gmt":"2024-08-07T03:10:22","slug":"paper-mario-repro-n64","status":"publish","type":"product","link":"https:\/\/gymupstore.cl\/index.php\/producto\/paper-mario-repro-n64\/","title":{"rendered":"Paper Mario (Repro) | Nintendo 64"},"content":{"rendered":"<p>Regi\u00f3n: USA<br \/>\nPlataforma: Nintendo 64<br \/>\nREPRO<\/p>\n<p>\ud83d\udd0d Consulta disponibilidad o mira stock en nuestra web.<\/p>\n<p>\ud83d\udcd6 Descripci\u00f3n del Juego:<\/p>\n<p>Paper Mario\u200b es un videojuego de rol desarrollado por Intelligent Systems y publicado por Nintendo para la videoconsola dom\u00e9stica Nintendo 64.<br \/>\nPaper Mario combina los elementos tradicionales de los juegos de rol (RPG, por sus siglas en ingl\u00e9s) con conceptos y caracter\u00edsticas de la serie de Mario. Durante la mayor parte del t\u00edtulo, el jugador controla a Mario, quien puede saltar y usar su martillo para superar obst\u00e1culos f\u00edsicos colocados en el mapa. Muchos de los acertijos y l\u00edmites del mismo se basan en las habilidades de los compa\u00f1eros del personaje, cada uno de los cuales tiene una habilidad especializada requerida para progresar. El jugador re\u00fane compa\u00f1eros a medida que visita diferentes zonas; \u00fanicamente un compa\u00f1ero puede acompa\u00f1ar a Mario en el mapa, aunque el jugador puede intercambiarlos en cualquier momento.<\/p>\n<p>\ud83c\udfe0 Tromuguita House<br \/>\n\ud83c\udf0d Puerto Montt, para todo Chile.<br \/>\n\ud83d\udccd Vis\u00edtanos en\u00a0<a class=\"x1i10hfl xjbqb8w x1ejq31n xd10rxx x1sy0etr x17r0tee x972fbf xcfux6l x1qhh985 xm0m39n x9f619 x1ypdohk xt0psk2 xe8uvvx xdj266r x11i5rnm xat24cr x1mh8g0r xexx8yu x4uap5 x18d9i69 xkhd6sd x16tdsg8 x1hl2dhg xggy1nq x1a2a7pz notranslate _a6hd\" tabindex=\"0\" role=\"link\" href=\"https:\/\/www.instagram.com\/gymupstore.cl\/\">@gymupstore.cl<\/a><br \/>\n\ud83d\udcde WhatsApp: +56942348323<br \/>\n\ud83d\ude80Env\u00edos Flash Chilexpress (-30% en Env\u00edo)<\/p>\n","protected":false},"excerpt":{"rendered":"<p>Regi\u00f3n: USA Plataforma: Nintendo 64 REPRO \ud83d\udd0d Consulta disponibilidad o [&hellip;]<\/p>\n","protected":false},"featured_media":12188,"comment_status":"open","ping_status":"closed","template":"","meta":[],"location":[495],"product_cat":[620,523,534,596,496],"product_tag":[],"locations":[{"id":495,"name":"PMC","slug":"gymupstore-pmc","quantity":"1"}],"_links":{"self":[{"href":"https:\/\/gymupstore.cl\/index.php\/wp-json\/wp\/v2\/product\/8882"}],"collection":[{"href":"https:\/\/gymupstore.cl\/index.php\/wp-json\/wp\/v2\/product"}],"about":[{"href":"https:\/\/gymupstore.cl\/index.php\/wp-json\/wp\/v2\/types\/product"}],"replies":[{"embeddable":true,"href":"https:\/\/gymupstore.cl\/index.php\/wp-json\/wp\/v2\/comments?post=8882"}],"wp:featuredmedia":[{"embeddable":true,"href":"https:\/\/gymupstore.cl\/index.php\/wp-json\/wp\/v2\/media\/12188"}],"wp:attachment":[{"href":"https:\/\/gymupstore.cl\/index.php\/wp-json\/wp\/v2\/media?parent=8882"}],"wp:term":[{"taxonomy":"location","embeddable":true,"href":"https:\/\/gymupstore.cl\/index.php\/wp-json\/wp\/v2\/location?post=8882"},{"taxonomy":"product_cat","embeddable":true,"href":"https:\/\/gymupstore.cl\/index.php\/wp-json\/wp\/v2\/product_cat?post=8882"},{"taxonomy":"product_tag","embeddable":true,"href":"https:\/\/gymupstore.cl\/index.php\/wp-json\/wp\/v2\/product_tag?post=8882"}],"curies":[{"name":"wp","href":"https:\/\/api.w.org\/{rel}","templated":true}]}}