{"id":8580,"date":"2023-04-08T00:25:51","date_gmt":"2023-04-08T00:25:51","guid":{"rendered":"https:\/\/gymupstore.cl\/?post_type=product&#038;p=8580"},"modified":"2024-02-05T12:36:16","modified_gmt":"2024-02-05T15:36:16","slug":"control-sony-dualsense-midnight-black-ps5","status":"publish","type":"product","link":"https:\/\/gymupstore.cl\/index.php\/producto\/control-sony-dualsense-midnight-black-ps5\/","title":{"rendered":"Control Sony DualSense Midnight Black PS5"},"content":{"rendered":"<div class=\"video-shortcode\"><iframe title=\"DualSense Cosmic Red &amp; Midnight Black Reveal Trailer | PS5\" width=\"1325\" height=\"745\" src=\"https:\/\/www.youtube.com\/embed\/FvLK66CFRH4?feature=oembed\" frameborder=\"0\" allow=\"accelerometer; autoplay; clipboard-write; encrypted-media; gyroscope; picture-in-picture; web-share\" allowfullscreen><\/iframe><\/div>\n<p><b><strong>Control Inal\u00e1mbrico DualSense Midnight Black PS5<\/strong><\/b><br \/>\nDescubre una experiencia de juego m\u00e1s intensa con el nuevo e innovador control de PS5\u2122.<\/p>\n<p><b><strong>Heighten Your Senses\u2122<\/strong><\/b><br \/>\nEl control inal\u00e1mbrico DualSense para PS5 ofrece respuesta h\u00e1ptica inmersiva, gatillos adaptativos din\u00e1micos y un micr\u00f3fono integrado, todo en un dise\u00f1o ic\u00f3nico.<\/p>\n<p><b><strong>Respuesta h\u00e1ptica<\/strong><\/b><br \/>\nSiente la respuesta f\u00edsica a tus acciones en el juego con los accionadores dobles que reemplazan a los tradicionales motores de vibraci\u00f3n. En tus manos, estas vibraciones din\u00e1micas pueden simular la sensaci\u00f3n de todo, desde los entornos hasta el retroceso de diferentes armas.<\/p>\n<p><b><strong>Gatillos adaptativos<\/strong><\/b><br \/>\nExperimenta la tensi\u00f3n y la fuerza variadas cuando interact\u00faes con los entornos y los equipos del juego. Desde tensar la cuerda de un arco cada vez m\u00e1s hasta pisar los frenos de un autom\u00f3vil a gran velocidad, si\u00e9ntete f\u00edsicamente conectado a tus acciones en la pantalla.<\/p>\n<p><b><strong>Micr\u00f3fono integrado y conector para auriculares<\/strong><\/b><br \/>\nChatea con tus amigos online mediante el micr\u00f3fono integrado o conectando unos auriculares al conector de 3,5 mm. Desactiva la recepci\u00f3n de voz de manera sencilla en cualquier momento con el bot\u00f3n silenciador dedicado.<\/p>\n<p><b><strong>Bot\u00f3n crear<\/strong><\/b><br \/>\nCaptura y transmite tus momentos m\u00e1s incre\u00edbles en tus juegos con el bot\u00f3n crear. A partir del \u00e9xito del pionero bot\u00f3n SHARE, \u201ccrear\u201d les ofrece a los jugadores m\u00e1s formas de producir contenido de juego y transmitir sus aventuras en vivo para el mundo.<\/p>\n<p><b><strong>Un \u00edcono de los juegos en tus manos<\/strong><\/b><br \/>\nToma el control con un dise\u00f1o avanzado de dos tonos que combina un dise\u00f1o ic\u00f3nico e intuitivo con joysticks mejorados y una nueva barra luminosa.<\/p>\n<p><b><strong>Caracter\u00edsticas familiares<\/strong><\/b><br \/>\nEl control inal\u00e1mbrico DualSense mantiene muchas caracter\u00edsticas de DUALSHOCK\u00ae4, que vuelven para una nueva generaci\u00f3n de juego.<\/p>\n<p><b><strong>Bater\u00eda recargable integrada<\/strong><\/b><br \/>\nCarga y juega, ahora a trav\u00e9s de USB Type-C\u00ae.<\/p>\n<p><b><strong>Altavoz integrado<\/strong><\/b><br \/>\nLos juegos seleccionados adquieren una dimensi\u00f3n adicional con efectos de sonido de alta fidelidad que brotan del control.<\/p>\n<p><b><strong>Sensor de movimiento<\/strong><\/b><br \/>\nIncorpora un control de movimiento intuitivo a los juegos con el aceler\u00f3metro y el giroscopio integrados.<\/p>\n","protected":false},"excerpt":{"rendered":"<p>Control Inal\u00e1mbrico DualSense Midnight Black PS5 Descubre una experiencia de [&hellip;]<\/p>\n","protected":false},"featured_media":8584,"comment_status":"open","ping_status":"closed","template":"","meta":[],"location":[495],"product_cat":[526,519,496],"product_tag":[],"locations":[{"id":495,"name":"PMC","slug":"gymupstore-pmc","quantity":"2"}],"_links":{"self":[{"href":"https:\/\/gymupstore.cl\/index.php\/wp-json\/wp\/v2\/product\/8580"}],"collection":[{"href":"https:\/\/gymupstore.cl\/index.php\/wp-json\/wp\/v2\/product"}],"about":[{"href":"https:\/\/gymupstore.cl\/index.php\/wp-json\/wp\/v2\/types\/product"}],"replies":[{"embeddable":true,"href":"https:\/\/gymupstore.cl\/index.php\/wp-json\/wp\/v2\/comments?post=8580"}],"wp:featuredmedia":[{"embeddable":true,"href":"https:\/\/gymupstore.cl\/index.php\/wp-json\/wp\/v2\/media\/8584"}],"wp:attachment":[{"href":"https:\/\/gymupstore.cl\/index.php\/wp-json\/wp\/v2\/media?parent=8580"}],"wp:term":[{"taxonomy":"location","embeddable":true,"href":"https:\/\/gymupstore.cl\/index.php\/wp-json\/wp\/v2\/location?post=8580"},{"taxonomy":"product_cat","embeddable":true,"href":"https:\/\/gymupstore.cl\/index.php\/wp-json\/wp\/v2\/product_cat?post=8580"},{"taxonomy":"product_tag","embeddable":true,"href":"https:\/\/gymupstore.cl\/index.php\/wp-json\/wp\/v2\/product_tag?post=8580"}],"curies":[{"name":"wp","href":"https:\/\/api.w.org\/{rel}","templated":true}]}}