{"id":8478,"date":"2023-04-04T19:54:34","date_gmt":"2023-04-04T19:54:34","guid":{"rendered":"https:\/\/gymupstore.cl\/?post_type=product&#038;p=8478"},"modified":"2023-07-04T05:01:59","modified_gmt":"2023-07-04T05:01:59","slug":"balan-wonderworld-ps5","status":"publish","type":"product","link":"https:\/\/gymupstore.cl\/index.php\/producto\/balan-wonderworld-ps5\/","title":{"rendered":"Balan Wonderworld | PS5"},"content":{"rendered":"<div class=\"video-shortcode\"><iframe title=\"Balan Wonderworld - Announcement Trailer | PS4, PS5\" width=\"1325\" height=\"745\" src=\"https:\/\/www.youtube.com\/embed\/3osL7kivp48?feature=oembed\" frameborder=\"0\" allow=\"accelerometer; autoplay; clipboard-write; encrypted-media; gyroscope; picture-in-picture; web-share\" allowfullscreen><\/iframe><\/div>\n<p><strong>\u00a1Bienvenidos a un espect\u00e1culo maravilloso y lleno de acci\u00f3n como nunca antes se hab\u00eda visto!<\/strong><\/p>\n<p>BALAN WONDERWORLD es un asombroso juego de plataformas y acci\u00f3n que gira en torno a un misterioso teatro musical. Las estrellas del espect\u00e1culo Emma y Leo, guiados por el enigm\u00e1tico maestro Balan, usar\u00e1n las habilidades especiales de una gran variedad de vestuarios con car\u00e1cter mientras se aventuran en el extra\u00f1o e imaginario pa\u00eds de Wonderworld. Aqu\u00ed, los recuerdos y las visiones del mundo real se mezclan con las cosas que la gente aprecia.<br \/>\nA nuestras estrellas les esperan doce cuentos diferentes en Wonderworld, cada uno con sus propias peculiaridades. Explorar\u00e1n todos los rincones de estos escenarios laber\u00ednticos, llenos de innumerables enga\u00f1os y trampas para llegar al fondo de cada historia conmovedora.<\/p>\n<p><strong>Wonderworld existe en los corazones y en la imaginaci\u00f3n de la gente<\/strong><br \/>\nEste relato tiene un ambiente fant\u00e1stico, en el pa\u00eds extra\u00f1o de Wonderworld, un lugar donde la felicidad de la gente y los recuerdos positivos se mezclan con la negatividad y las preocupaciones que les quitan el sue\u00f1o. Leo y Emma llegan a Wonderworld gracias al misterioso payaso Balan y emprenden un viaje para descubrir qu\u00e9 es lo m\u00e1s importante para ellos.<br \/>\nAntes de que puedan volver al mundo real, primero tienen que recuperar el equilibrio en sus corazones&#8230;<\/p>\n<p><strong>\u00a1M\u00e1s de 80 vestuarios diferentes ofrecen toda la acci\u00f3n que pod\u00e1is imaginar!<\/strong><br \/>\nLas estrellas del espect\u00e1culo pueden usar los poderes de los habitantes de Wonderworld al llevar sus vestuarios coloridos, \u00a1con m\u00e1s de 80 diferentes que probar! Golpear a los enemigos, caminar por el aire, congelar el tiempo o manipular cualquier tipo de objeto&#8230; las posibilidades son infinitas al elegir un nuevo vestuario.<\/p>\n<p><strong>\u00a1Dos creadores de leyenda juntos!<\/strong><br \/>\nVenid y disfrutad del culmen de la narrativa de Square Enix en un mundo maravilloso lleno de acci\u00f3n creado por la leyenda Naka Yuji. Por primera vez en 20 a\u00f1os, Naka Yuji y Oshima Naoto unen sus fuerzas para formar el equipo de BALAN COMPANY; fundada para juntar a profesionales del desarrollo de videojuegos, de la producci\u00f3n de v\u00eddeo y de la producci\u00f3n musical, tanto de dentro como de fuera de la compa\u00f1\u00eda.<\/p>\n","protected":false},"excerpt":{"rendered":"<ul>\n<li>Fecha de lanzamiento: 26\/3\/2021<\/li>\n<li>Desarrollo: Square Enix \/ ARZEST Corp.<\/li>\n<li>Producci\u00f3n: Square Enix<\/li>\n<li>Distribuci\u00f3n: Koch Media<\/li>\n<li>Jugadores: 1-2<\/li>\n<li>Textos: Espa\u00f1ol<\/li>\n<li>Voces: &#8211;<\/li>\n<li>Online: No<\/li>\n<li><strong>JUEGO EUROPEO<\/strong><\/li>\n<li><strong>COMPATIBLE CON TODAS LAS CONSOLAS PS5 EN CHILE<\/strong><\/li>\n<li><strong>Si el juego tiene contenido descargable, debes usar una cuenta europea para descargar a la consola.<\/strong><\/li>\n<\/ul>\n","protected":false},"featured_media":8479,"comment_status":"open","ping_status":"closed","template":"","meta":[],"location":[495],"product_cat":[526,519,496],"product_tag":[],"locations":[{"id":495,"name":"PMC","slug":"gymupstore-pmc","quantity":"1"}],"_links":{"self":[{"href":"https:\/\/gymupstore.cl\/index.php\/wp-json\/wp\/v2\/product\/8478"}],"collection":[{"href":"https:\/\/gymupstore.cl\/index.php\/wp-json\/wp\/v2\/product"}],"about":[{"href":"https:\/\/gymupstore.cl\/index.php\/wp-json\/wp\/v2\/types\/product"}],"replies":[{"embeddable":true,"href":"https:\/\/gymupstore.cl\/index.php\/wp-json\/wp\/v2\/comments?post=8478"}],"wp:featuredmedia":[{"embeddable":true,"href":"https:\/\/gymupstore.cl\/index.php\/wp-json\/wp\/v2\/media\/8479"}],"wp:attachment":[{"href":"https:\/\/gymupstore.cl\/index.php\/wp-json\/wp\/v2\/media?parent=8478"}],"wp:term":[{"taxonomy":"location","embeddable":true,"href":"https:\/\/gymupstore.cl\/index.php\/wp-json\/wp\/v2\/location?post=8478"},{"taxonomy":"product_cat","embeddable":true,"href":"https:\/\/gymupstore.cl\/index.php\/wp-json\/wp\/v2\/product_cat?post=8478"},{"taxonomy":"product_tag","embeddable":true,"href":"https:\/\/gymupstore.cl\/index.php\/wp-json\/wp\/v2\/product_tag?post=8478"}],"curies":[{"name":"wp","href":"https:\/\/api.w.org\/{rel}","templated":true}]}}