{"id":8473,"date":"2023-04-04T03:33:22","date_gmt":"2023-04-04T03:33:22","guid":{"rendered":"https:\/\/gymupstore.cl\/?post_type=product&#038;p=8473"},"modified":"2023-04-04T03:34:14","modified_gmt":"2023-04-04T03:34:14","slug":"tom-clancys-the-division-ps4","status":"publish","type":"product","link":"https:\/\/gymupstore.cl\/index.php\/producto\/tom-clancys-the-division-ps4\/","title":{"rendered":"Tom Clancy&#8217;s: The Division | PS4"},"content":{"rendered":"<div class=\"video-shortcode\"><iframe title=\"Tom Clancy\u2019s The Division Trailer - RPG Gameplay | Ubisoft [NA]\" width=\"1325\" height=\"745\" src=\"https:\/\/www.youtube.com\/embed\/NjqKMhx1k5w?feature=oembed\" frameborder=\"0\" allow=\"accelerometer; autoplay; clipboard-write; encrypted-media; gyroscope; picture-in-picture; web-share\" allowfullscreen><\/iframe><\/div>\n<p><strong>\u00a1Sobrevive a un mundo en crisis, en una \u00e9pica aventura de acci\u00f3n y tensi\u00f3n cooperativa de la mano de los creadores de Splinter Cell y Rainbow Six!<\/strong><\/p>\n<p><strong>El colapso de la sociedad: Cuando todo llega a su fin, comienza tu misi\u00f3n<\/strong><\/p>\n<p>Una devastadora pandemia asola Nueva York y los servicios b\u00e1sicos caen uno tras otro. En cuesti\u00f3n de d\u00edas, sin comida ni agua, la sociedad se ve abocada al caos. Se activa The Division, una unidad independiente de agentes t\u00e1cticos. Viven vidas aparentemente normales entre nosotros, pero est\u00e1n entrenados para operar sin \u00f3rdenes cuando todo lo dem\u00e1s fracasa. Luchando para evitar el colapso de la sociedad, los agentes se encuentran en el epicentro de una conspiraci\u00f3n de proporciones \u00e9picas, teniendo que hacer frente no solo a un virus creado por el hombre sino tambi\u00e9n a la creciente amenaza de sus creadores. Cuando la sociedad llega a su fin, comienza tu misi\u00f3n.<\/p>\n<p>&nbsp;<\/p>\n<p><strong>RECUPERA NUEVA YORK<\/strong><br \/>\nBienvenido a una experiencia de nueva generaci\u00f3n, en un ambiente de mundo abierto persistente y din\u00e1mico, construido desde el polvo, para permitir la cooperaci\u00f3n y donde la exploraci\u00f3n y el avance del jugador son esenciales. Haz equipo con otros agentes de The Division. Su misi\u00f3n ser\u00e1 restaurar el orden, investigar la fuente del virus y recuperar Nueva York.<\/p>\n<p><strong>UN MUNDO VIVO QUE RESPIRA<\/strong><br \/>\nEntra a un universo en el que la hora del d\u00eda y las condiciones clim\u00e1ticas impactan en tu experiencia de juego. Usa tu entorno como ventaja estrat\u00e9gica para dominar peleas y emboscar a tus enemigos. Utiliza tu m\u00e1scara de gas para protegerte del virus y actual\u00edzala para entrar a las \u00e1reas con mayor contaminaci\u00f3n.<\/p>\n<p>&nbsp;<\/p>\n<p><strong>JUNGLA URBANA<\/strong><br \/>\nLa ciudad de Nueva York est\u00e1 infestada de grupos hostiles que tratan de sacar ventaja de la crisis. Ten cuidado con los rufianes que andan en manadas por la ciudad, cazando a los d\u00e9biles. Pelea contra los Limpiadores, que usan trajes contra materiales peligrosos y cargan lanzallamas; est\u00e1n dedicados a limpiar Nueva York del virus&#8230; a costa de quemar todo y a todos. Enfrenta a los Rikers, una pandilla de convictos que escaparon de la Isla Rikers cuando comenz\u00f3 el caos y quienes est\u00e1n asolando la cuidad y compiten por su control.<\/p>\n<p><strong>EQUIPA Y PERSONALIZA A TU AGENTE<\/strong><br \/>\nComo integrante de The Division, emplea tecnolog\u00eda de \u00faltima generaci\u00f3n, en red y prototipo. Personaliza a tu personaje y tu mochila, tu sustento en la ca\u00f3tica ciudad de Nueva York. Comun\u00edcate con otros agentes en todo momento con tu smartwatch. Saquea a los enemigos ca\u00eddos, personaliza y actualiza tus armas, equipo y habilidades.<\/p>\n<p>&nbsp;<\/p>\n<p><strong>TECNOLOG\u00cdA PUNTA<\/strong><br \/>\nElige y actualiza tus habilidades e interact\u00faa con tus compa\u00f1eros de equipo para incrementar tus oportunidades de ganar en combate. Cambia tus habilidades, como el buscador de minas que encuentra a los enemigos y los hace explotar; el portador de torreta que desencadena altos octanajes y diversi\u00f3n eficiente; o el pulso que te da una lectura t\u00e1ctica de tu entorno. Usa la tecnolog\u00eda ECHO, una herramienta para recolectar datos que reproduce momentos congelados en el tiempo, para obtener informaci\u00f3n valiosa sobre tu entorno inmediato; te ayudar\u00e1 a encontrar botines ocultos y a descubrir la verdad detr\u00e1s de la pandemia.<\/p>\n<p>&nbsp;<\/p>\n<p><strong>MULTIJUGADOR SENCILLO: LA ZONA OSCURA<\/strong><br \/>\nEntra a la Zona Oscura, una zona en cuarentena, amurallada, a la mitad de Manhattan, en la que el bot\u00edn m\u00e1s valioso fue dejado atr\u00e1s cuando evacuaron los militares. Tambi\u00e9n es el \u00e1rea m\u00e1s peligrosa en el juego, en la que el miedo, la traici\u00f3n y la tensi\u00f3n llegan a niveles muy altos. Haz equipo con otros jugadores para derrotar a tus enemigos y extrae el bot\u00edn legendario con un helic\u00f3ptero. Es tu elecci\u00f3n colaborar con otros agentes, o rastrearlos y robarles su bot\u00edn.<\/p>\n<p><strong>SNOWDROP\u2122 ENGINE<\/strong><br \/>\nImpulsado completamente por Snowdrop Engine de pr\u00f3xima generaci\u00f3n, Tom Clancy\u2019s The Division\u2122 establece un nuevo l\u00edmite en el realismo de los videojuegos y la representaci\u00f3n de un mundo abierto. Experimenta una Nueva York ca\u00f3tica y devastada como nunca antes la hab\u00edas visto.<\/p>\n","protected":false},"excerpt":{"rendered":"<ul>\n<li>REQUIERE CONEXION PERMANENTE A INTERNET<\/li>\n<li>Formato Producto F\u00edsico (Juego en Disco o Cartridge seg\u00fan consola)<\/li>\n<li>Actualizaci\u00f3n a PS5 Al usar este juego en PS5 expermimentar\u00e1s un rendimiento superior en la consola, que puede verse en una mayor tasa de FPS o Rango din\u00e1mico mejorado, o mejores tiempos de carga, dependiendo del juego.<\/li>\n<li>Fabricante\/Publisher Ubisoft<\/li>\n<li>Idioma Men\u00fa Ingles &#8211; Espa\u00f1ol<\/li>\n<li>Idioma Audio Ingles &#8211; Espa\u00f1ol<br \/>\nIdioma Subtitulos Espa\u00f1ol<\/li>\n<li>PSN PLUS Requerido para Jugar<\/li>\n<\/ul>\n","protected":false},"featured_media":8474,"comment_status":"open","ping_status":"closed","template":"","meta":[],"product_brand":[],"product_cat":[526,518,496],"product_tag":[],"class_list":{"0":"post-8473","1":"product","2":"type-product","3":"status-publish","4":"has-post-thumbnail","6":"product_cat-playstation","7":"product_cat-playstation-4","8":"product_cat-zona-geek","10":"first","11":"instock","12":"taxable","13":"shipping-taxable","14":"purchasable","15":"product-type-simple"},"supplier_id":null,"supplier_sku":"","barcode":null,"atum_controlled":true,"out_stock_date":null,"out_stock_threshold":null,"inheritable":false,"inbound_stock":null,"stock_on_hold":0,"sold_today":0,"sales_last_days":0,"reserved_stock":null,"customer_returns":null,"warehouse_damage":null,"lost_in_post":null,"other_logs":null,"out_stock_days":0,"lost_sales":0,"has_location":null,"update_date":"2026-05-13T00:03:04","atum_locations":[],"atum_stock_status":"instock","restock_status":false,"low_stock_amount":"","sales_update_date":"2026-05-13T00:03:04","calc_backorders":null,"_links":{"self":[{"href":"https:\/\/gymupstore.cl\/index.php\/wp-json\/wp\/v2\/product\/8473","targetHints":{"allow":["GET"]}}],"collection":[{"href":"https:\/\/gymupstore.cl\/index.php\/wp-json\/wp\/v2\/product"}],"about":[{"href":"https:\/\/gymupstore.cl\/index.php\/wp-json\/wp\/v2\/types\/product"}],"replies":[{"embeddable":true,"href":"https:\/\/gymupstore.cl\/index.php\/wp-json\/wp\/v2\/comments?post=8473"}],"wp:featuredmedia":[{"embeddable":true,"href":"https:\/\/gymupstore.cl\/index.php\/wp-json\/wp\/v2\/media\/8474"}],"wp:attachment":[{"href":"https:\/\/gymupstore.cl\/index.php\/wp-json\/wp\/v2\/media?parent=8473"}],"wp:term":[{"taxonomy":"product_brand","embeddable":true,"href":"https:\/\/gymupstore.cl\/index.php\/wp-json\/wp\/v2\/product_brand?post=8473"},{"taxonomy":"product_cat","embeddable":true,"href":"https:\/\/gymupstore.cl\/index.php\/wp-json\/wp\/v2\/product_cat?post=8473"},{"taxonomy":"product_tag","embeddable":true,"href":"https:\/\/gymupstore.cl\/index.php\/wp-json\/wp\/v2\/product_tag?post=8473"}],"curies":[{"name":"wp","href":"https:\/\/api.w.org\/{rel}","templated":true}]}}