{"id":8440,"date":"2023-04-03T19:52:34","date_gmt":"2023-04-03T19:52:34","guid":{"rendered":"https:\/\/gymupstore.cl\/?post_type=product&#038;p=8440"},"modified":"2023-04-04T02:29:39","modified_gmt":"2023-04-04T02:29:39","slug":"resident-evil-4-ps4","status":"publish","type":"product","link":"https:\/\/gymupstore.cl\/index.php\/producto\/resident-evil-4-ps4\/","title":{"rendered":"Resident Evil 4 | PS4"},"content":{"rendered":"<div class=\"video-shortcode\"><iframe title=\"Resident Evil 4 - Announcement Trailer\" width=\"1325\" height=\"745\" src=\"https:\/\/www.youtube.com\/embed\/rcFarJACzx0?start=1&#038;feature=oembed\" frameborder=\"0\" allow=\"accelerometer; autoplay; clipboard-write; encrypted-media; gyroscope; picture-in-picture; web-share\" allowfullscreen><\/iframe><\/div>\n<p>Sobrevivir es solo el principio.<\/p>\n<p>Seis a\u00f1os despu\u00e9s de la cat\u00e1strofe biol\u00f3gica en Raccoon City, el agente Leon S. Kennedy, uno de los supervivientes del desastre, ha sido enviado a rescatar a la hija del presidente, a quien han secuestrado. Siguiendo su rastro, llega a una apartada poblaci\u00f3n europea, donde sus habitantes sufren un mal terrible. As\u00ed comienza esta historia de un arriesgado rescate y terror escalofriante donde se cruzan la vida y la muerte, y el miedo y la catarsis.<\/p>\n<p>Con una mec\u00e1nica de juego modernizada, una historia reimaginada y unos gr\u00e1ficos espectacularmente detallados, Resident Evil 4 supone el renacimiento de un gigante del mundo de los videojuegos.<\/p>\n<p>Revive la pesadilla que revolucion\u00f3 el g\u00e9nero del survival horror.<\/p>\n","protected":false},"excerpt":{"rendered":"<ul>\n<li>Formato Producto F\u00edsico (Juego en Disco o Cartridge seg\u00fan consola)<\/li>\n<li>Actualizaci\u00f3n a PS5 Juego Compatible con PS5, misma experiencia que al usarlo en PS4.<\/li>\n<li>Fabricante\/Publisher Capcom<\/li>\n<li>Jugadores Consola 1<\/li>\n<\/ul>\n","protected":false},"featured_media":8441,"comment_status":"open","ping_status":"closed","template":"","meta":[],"location":[495],"product_cat":[526,518,496],"product_tag":[],"locations":[{"id":495,"name":"PMC","slug":"gymupstore-pmc","quantity":"0"}],"_links":{"self":[{"href":"https:\/\/gymupstore.cl\/index.php\/wp-json\/wp\/v2\/product\/8440"}],"collection":[{"href":"https:\/\/gymupstore.cl\/index.php\/wp-json\/wp\/v2\/product"}],"about":[{"href":"https:\/\/gymupstore.cl\/index.php\/wp-json\/wp\/v2\/types\/product"}],"replies":[{"embeddable":true,"href":"https:\/\/gymupstore.cl\/index.php\/wp-json\/wp\/v2\/comments?post=8440"}],"wp:featuredmedia":[{"embeddable":true,"href":"https:\/\/gymupstore.cl\/index.php\/wp-json\/wp\/v2\/media\/8441"}],"wp:attachment":[{"href":"https:\/\/gymupstore.cl\/index.php\/wp-json\/wp\/v2\/media?parent=8440"}],"wp:term":[{"taxonomy":"location","embeddable":true,"href":"https:\/\/gymupstore.cl\/index.php\/wp-json\/wp\/v2\/location?post=8440"},{"taxonomy":"product_cat","embeddable":true,"href":"https:\/\/gymupstore.cl\/index.php\/wp-json\/wp\/v2\/product_cat?post=8440"},{"taxonomy":"product_tag","embeddable":true,"href":"https:\/\/gymupstore.cl\/index.php\/wp-json\/wp\/v2\/product_tag?post=8440"}],"curies":[{"name":"wp","href":"https:\/\/api.w.org\/{rel}","templated":true}]}}