{"id":8355,"date":"2023-03-29T19:29:32","date_gmt":"2023-03-29T19:29:32","guid":{"rendered":"https:\/\/gymupstore.cl\/?post_type=product&#038;p=8355"},"modified":"2025-01-14T16:31:48","modified_gmt":"2025-01-14T19:31:48","slug":"the-last-stand-aftermath-ps5","status":"publish","type":"product","link":"https:\/\/gymupstore.cl\/index.php\/producto\/the-last-stand-aftermath-ps5\/","title":{"rendered":"The Last Stand Aftermath | PS5"},"content":{"rendered":"<div class=\"video-shortcode\"><iframe title=\"The Last Stand: Aftermath - Launch Trailer | PS5, PS4\" width=\"1325\" height=\"745\" src=\"https:\/\/www.youtube.com\/embed\/3de6jvRkkp8?feature=oembed\" frameborder=\"0\" allow=\"accelerometer; autoplay; clipboard-write; encrypted-media; gyroscope; picture-in-picture; web-share\" allowfullscreen><\/iframe><\/div>\n<p>The Last Stand: aftermath es una aventura de acci\u00f3n independiente premium para un solo jugador, elige un sobreviviente para establecer y explorar las ruinas de la civilizaci\u00f3n, encontrar combustible para viajar a nuevos lugares y recoger suministros para fabricar armas y mucho m\u00e1s. Una experiencia de zombi atmosf\u00e9rico tensa y de mal humor, \u00a1es peligroso por ah\u00ed! Tendr\u00e1s que mantenerte alerta, ya que las hordas de zombies todav\u00eda deambulan por las calles y no eres superhumano. De hecho, eres uno de los infectados t\u00fa mismo, y finalmente morir\u00e1s, ya sea por los muertos vivientes hostiles o el virus que atraviesa tu cuerpo. Pero cuando eso suceda, retomar\u00e1s el juego de nuevo como un nuevo sobreviviente, con beneficios y mejoras obtenidas en funci\u00f3n de tu progreso desde el \u00faltimo, y te propusimos intentarlo de nuevo.<\/p>\n","protected":false},"excerpt":{"rendered":"<p>JUEGO EUROPEO<\/p>\n<p>COMPATIBLE CON TODAS LAS CONSOLAS PS5 EN CHILE<\/p>\n<p>Si el juego tiene contenido descargable, debes usar una cuenta europea para descargar a la consola.<\/p>\n","protected":false},"featured_media":8356,"comment_status":"open","ping_status":"closed","template":"","meta":[],"location":[495],"product_cat":[526,519,496],"product_tag":[],"locations":[{"id":495,"name":"PMC","slug":"gymupstore-pmc","quantity":"1"}],"_links":{"self":[{"href":"https:\/\/gymupstore.cl\/index.php\/wp-json\/wp\/v2\/product\/8355"}],"collection":[{"href":"https:\/\/gymupstore.cl\/index.php\/wp-json\/wp\/v2\/product"}],"about":[{"href":"https:\/\/gymupstore.cl\/index.php\/wp-json\/wp\/v2\/types\/product"}],"replies":[{"embeddable":true,"href":"https:\/\/gymupstore.cl\/index.php\/wp-json\/wp\/v2\/comments?post=8355"}],"wp:featuredmedia":[{"embeddable":true,"href":"https:\/\/gymupstore.cl\/index.php\/wp-json\/wp\/v2\/media\/8356"}],"wp:attachment":[{"href":"https:\/\/gymupstore.cl\/index.php\/wp-json\/wp\/v2\/media?parent=8355"}],"wp:term":[{"taxonomy":"location","embeddable":true,"href":"https:\/\/gymupstore.cl\/index.php\/wp-json\/wp\/v2\/location?post=8355"},{"taxonomy":"product_cat","embeddable":true,"href":"https:\/\/gymupstore.cl\/index.php\/wp-json\/wp\/v2\/product_cat?post=8355"},{"taxonomy":"product_tag","embeddable":true,"href":"https:\/\/gymupstore.cl\/index.php\/wp-json\/wp\/v2\/product_tag?post=8355"}],"curies":[{"name":"wp","href":"https:\/\/api.w.org\/{rel}","templated":true}]}}