{"id":8337,"date":"2023-03-28T23:18:36","date_gmt":"2023-03-28T23:18:36","guid":{"rendered":"https:\/\/gymupstore.cl\/?post_type=product&#038;p=8337"},"modified":"2023-07-04T05:11:43","modified_gmt":"2023-07-04T05:11:43","slug":"mechwarrior-5-mercenaries-ps5","status":"publish","type":"product","link":"https:\/\/gymupstore.cl\/index.php\/producto\/mechwarrior-5-mercenaries-ps5\/","title":{"rendered":"Mechwarrior 5: Mercenaries | PS5"},"content":{"rendered":"<div class=\"video-shortcode\"><iframe title=\"MechWarrior 5 Mercenaries - Gameplay Trailer\" width=\"1325\" height=\"745\" src=\"https:\/\/www.youtube.com\/embed\/E6ZK-zJsUKA?feature=oembed\" frameborder=\"0\" allow=\"accelerometer; autoplay; clipboard-write; encrypted-media; gyroscope; picture-in-picture; web-share\" allowfullscreen><\/iframe><\/div>\n<p>CONVI\u00c9RTETE EN TU PROPIA ARMA DE GUERRA<\/p>\n<p>\u00a1Te damos la bienvenida al a\u00f1o 3015! Es una \u00e9poca tremenda para vivir. La humanidad ha colonizado miles de sistemas estelares, hay guerra por todas partes y los campos de batalla del futuro est\u00e1n dominados por colosales m\u00e1quinas conocidas como BattleMechs. Los pilotos de \u00e9lite de estas monstruosidades met\u00e1licas tienen un trabajo peligroso, pero para eso vienen aqu\u00ed los MechWarriors sedientos de poder como t\u00fa, \u00bfno? Si quieres aplastar, destrozar, machacar y ganar dinero, \u00a1adelante!<\/p>\n<p>Un mundo de destrucci\u00f3n \u2013 Devasta ciudades enteras y aniquila ej\u00e9rcitos de fuerzas enemigas pilotando cientos de variantes \u00fanicas de BattleMechs.<\/p>\n<p>Persigue la verdad \u2013 Sigue una senda de intriga interestelar en tu b\u00fasqueda de gloria y venganza como l\u00edder de una compa\u00f1\u00eda de mercenarios renacida de las llamas de la destrucci\u00f3n.<\/p>\n<p>La vida del mercenario \u2013 Gestiona las complejidades de administrar una creciente compa\u00f1\u00eda de mercenarios, desde el mantenimiento y adquisici\u00f3n de BattleMechs hasta la contrataci\u00f3n de otros MechWarriors aliados.<\/p>\n<p>Luchad juntos \u2013 Lucha junto a tus amigos con nuestra opci\u00f3n de juego cooperativo JcE para cuatro jugadores.<\/p>\n","protected":false},"excerpt":{"rendered":"<p>JUEGO EUROPEO<\/p>\n<p>COMPATIBLE CON TODAS LAS CONSOLAS PS5 EN CHILE<\/p>\n<p>Si el juego tiene contenido descargable, debes usar una cuenta europea para descargar a la consola.<\/p>\n","protected":false},"featured_media":8357,"comment_status":"open","ping_status":"closed","template":"","meta":[],"location":[495],"product_cat":[526,519,496],"product_tag":[],"locations":[{"id":495,"name":"PMC","slug":"gymupstore-pmc","quantity":"1"}],"_links":{"self":[{"href":"https:\/\/gymupstore.cl\/index.php\/wp-json\/wp\/v2\/product\/8337"}],"collection":[{"href":"https:\/\/gymupstore.cl\/index.php\/wp-json\/wp\/v2\/product"}],"about":[{"href":"https:\/\/gymupstore.cl\/index.php\/wp-json\/wp\/v2\/types\/product"}],"replies":[{"embeddable":true,"href":"https:\/\/gymupstore.cl\/index.php\/wp-json\/wp\/v2\/comments?post=8337"}],"wp:featuredmedia":[{"embeddable":true,"href":"https:\/\/gymupstore.cl\/index.php\/wp-json\/wp\/v2\/media\/8357"}],"wp:attachment":[{"href":"https:\/\/gymupstore.cl\/index.php\/wp-json\/wp\/v2\/media?parent=8337"}],"wp:term":[{"taxonomy":"location","embeddable":true,"href":"https:\/\/gymupstore.cl\/index.php\/wp-json\/wp\/v2\/location?post=8337"},{"taxonomy":"product_cat","embeddable":true,"href":"https:\/\/gymupstore.cl\/index.php\/wp-json\/wp\/v2\/product_cat?post=8337"},{"taxonomy":"product_tag","embeddable":true,"href":"https:\/\/gymupstore.cl\/index.php\/wp-json\/wp\/v2\/product_tag?post=8337"}],"curies":[{"name":"wp","href":"https:\/\/api.w.org\/{rel}","templated":true}]}}