{"id":8219,"date":"2023-03-21T01:14:42","date_gmt":"2023-03-21T01:14:42","guid":{"rendered":"https:\/\/gymupstore.cl\/?post_type=product&#038;p=8219"},"modified":"2023-03-21T01:15:06","modified_gmt":"2023-03-21T01:15:06","slug":"foam-roller-cilindro-masajeador","status":"publish","type":"product","link":"https:\/\/gymupstore.cl\/index.php\/producto\/foam-roller-cilindro-masajeador\/","title":{"rendered":"Foam Roller Cilindro Masajeador"},"content":{"rendered":"<p>Fabricados bajo los m\u00e1s altos est\u00e1ndares de <strong>calidad<\/strong>, tu recuperaci\u00f3n est\u00e1 asegurada.<\/p>\n<p>Los foam roller consisten en ser <strong>cilindros r\u00edgidos<\/strong>\u00a0y exterior acolchado con protuberancias dise\u00f1adas especialmente para\u00a0<b>masajear la musculatura<\/b>. Se usa como accesorio y complemento para distintos ejercicios, incluyendo las actividades que tienen como finalidad promover la<strong>\u00a0recuperaci\u00f3n,<\/strong><strong>\u00a0aliviar contracturas y dolencias musculares.<\/strong><\/p>\n<p>Este\u00a0<b>foam roller o cilindro masajeador<\/b>\u00a0tiene una textura exterior en\u00a0<b>goma EVA de alta densidad,<\/b>\u00a0acolchada y suave al tacto. Con un ancho de\u00a0<b>33,5 cent\u00edmetros<\/b>\u00a0y un\u00a0<b>di\u00e1metro de 14,5 cent\u00edmetros<\/b>; tiene el tama\u00f1o perfecto para adaptarse a las distintas partes del cuerpo.<\/p>\n<p>Es ideal para p<b>reparar la musculatura antes de las rutinas y perfecto para calmar y relajar los m\u00fasculos al terminar.\u00a0<\/b>Se trata de una soluci\u00f3n r\u00e1pida para evitar las lesiones y las contracturas, as\u00ed como\u00a0<b>potenciar la flexibilidad y mejorar la circulaci\u00f3n .<\/b><\/p>\n<p>F\u00e1cil de incluir en cualquier rutina f\u00edsica y\u00a0<b>sumamente livianos y transportables<\/b>.<\/p>\n","protected":false},"excerpt":{"rendered":"<p>Fabricados bajo los m\u00e1s altos est\u00e1ndares de calidad, tu recuperaci\u00f3n [&hellip;]<\/p>\n","protected":false},"featured_media":8220,"comment_status":"open","ping_status":"closed","template":"","meta":[],"location":[495],"product_cat":[440,34],"product_tag":[],"locations":[{"id":495,"name":"PMC","slug":"gymupstore-pmc","quantity":"5"}],"_links":{"self":[{"href":"https:\/\/gymupstore.cl\/index.php\/wp-json\/wp\/v2\/product\/8219"}],"collection":[{"href":"https:\/\/gymupstore.cl\/index.php\/wp-json\/wp\/v2\/product"}],"about":[{"href":"https:\/\/gymupstore.cl\/index.php\/wp-json\/wp\/v2\/types\/product"}],"replies":[{"embeddable":true,"href":"https:\/\/gymupstore.cl\/index.php\/wp-json\/wp\/v2\/comments?post=8219"}],"wp:featuredmedia":[{"embeddable":true,"href":"https:\/\/gymupstore.cl\/index.php\/wp-json\/wp\/v2\/media\/8220"}],"wp:attachment":[{"href":"https:\/\/gymupstore.cl\/index.php\/wp-json\/wp\/v2\/media?parent=8219"}],"wp:term":[{"taxonomy":"location","embeddable":true,"href":"https:\/\/gymupstore.cl\/index.php\/wp-json\/wp\/v2\/location?post=8219"},{"taxonomy":"product_cat","embeddable":true,"href":"https:\/\/gymupstore.cl\/index.php\/wp-json\/wp\/v2\/product_cat?post=8219"},{"taxonomy":"product_tag","embeddable":true,"href":"https:\/\/gymupstore.cl\/index.php\/wp-json\/wp\/v2\/product_tag?post=8219"}],"curies":[{"name":"wp","href":"https:\/\/api.w.org\/{rel}","templated":true}]}}