{"id":7967,"date":"2023-02-25T22:42:21","date_gmt":"2023-02-25T22:42:21","guid":{"rendered":"https:\/\/gymupstore.cl\/?post_type=product&#038;p=7967"},"modified":"2023-05-07T22:49:38","modified_gmt":"2023-05-07T22:49:38","slug":"a-serbian-film-uncut-2010-bluray","status":"publish","type":"product","link":"https:\/\/gymupstore.cl\/index.php\/producto\/a-serbian-film-uncut-2010-bluray\/","title":{"rendered":"A Serbian Film \u00abUncut\u00bb (2010) | Bluray Fansub"},"content":{"rendered":"<div class=\"video-shortcode\"><iframe title=\"A Serbian Film Official Red Band U.S. Trailer\" width=\"1325\" height=\"745\" src=\"https:\/\/www.youtube.com\/embed\/ddwrbcMmzlc?feature=oembed\" frameborder=\"0\" allow=\"accelerometer; autoplay; clipboard-write; encrypted-media; gyroscope; picture-in-picture; web-share\" allowfullscreen><\/iframe><\/div>\n<p>Milo, una estrella del cine para adultos ya retirada que vive con su mujer y su hijo, est\u00e1 pasando por apuros econ\u00f3micos. Una cita con una antigua compa\u00f1era de rodaje, la pornostar Layla, le presenta la oportunidad de trabajar con un tipo llamado Vukmir en su nueva pel\u00edcula de porno experimental. Milos acaba aceptando sin saber exactamente lo que va a rodar y acaba sumergido en una tormenta de depravaci\u00f3n violencia, snuff, pedofilia, y drogas que lo dejan en un abismo de locura.<\/p>\n","protected":false},"excerpt":{"rendered":"<ul>\n<li>Edici\u00f3n: Blu-ray Fansub (Reproducci\u00f3n)<\/li>\n<li>Director: Srdjan Spasojevic<\/li>\n<li>Reparto: Srdjan Todorovic, Sergej Trifunovic, Jelena Gavrilovic, Katarina Zutic, Slobodan Bestic, Ana Sakic, Lena Bogdanovic, Luka Mijatovic, Andjela Nenadovic<\/li>\n<li>M\u00fasica: Sky Wikluh<\/li>\n<li>A\u00f1o: 2010<\/li>\n<li>Pa\u00eds: Serbia<\/li>\n<li>Duraci\u00f3n: 104 Minutos<\/li>\n<li>Audio: SERBIO DTS-HD Master Audio 5.1<br \/>\nALEMAN DTS-HD Master Audio 5.1<\/li>\n<li>Subt\u00edtulos: Espa\u00f1ol, Ingles<\/li>\n<li>Video: 16:9<\/li>\n<li>Film: Color<\/li>\n<li>Discos: 1<\/li>\n<li>Genero: Thriller, Erotico<\/li>\n<li>Link: https:\/\/www.allhorror.com\/movies\/a-serbian-film<\/li>\n<li>Extras: Protector de Pl\u00e1stico, Sleeve Cover, Postal, Caja azul<\/li>\n<li>BDR-25G<\/li>\n<\/ul>\n","protected":false},"featured_media":9078,"comment_status":"open","ping_status":"closed","template":"","meta":[],"location":[495],"product_cat":[538,539,568,521,540,496],"product_tag":[],"locations":[{"id":495,"name":"PMC","slug":"gymupstore-pmc","quantity":"1"}],"_links":{"self":[{"href":"https:\/\/gymupstore.cl\/index.php\/wp-json\/wp\/v2\/product\/7967"}],"collection":[{"href":"https:\/\/gymupstore.cl\/index.php\/wp-json\/wp\/v2\/product"}],"about":[{"href":"https:\/\/gymupstore.cl\/index.php\/wp-json\/wp\/v2\/types\/product"}],"replies":[{"embeddable":true,"href":"https:\/\/gymupstore.cl\/index.php\/wp-json\/wp\/v2\/comments?post=7967"}],"wp:featuredmedia":[{"embeddable":true,"href":"https:\/\/gymupstore.cl\/index.php\/wp-json\/wp\/v2\/media\/9078"}],"wp:attachment":[{"href":"https:\/\/gymupstore.cl\/index.php\/wp-json\/wp\/v2\/media?parent=7967"}],"wp:term":[{"taxonomy":"location","embeddable":true,"href":"https:\/\/gymupstore.cl\/index.php\/wp-json\/wp\/v2\/location?post=7967"},{"taxonomy":"product_cat","embeddable":true,"href":"https:\/\/gymupstore.cl\/index.php\/wp-json\/wp\/v2\/product_cat?post=7967"},{"taxonomy":"product_tag","embeddable":true,"href":"https:\/\/gymupstore.cl\/index.php\/wp-json\/wp\/v2\/product_tag?post=7967"}],"curies":[{"name":"wp","href":"https:\/\/api.w.org\/{rel}","templated":true}]}}