{"id":7017,"date":"2022-09-13T15:46:20","date_gmt":"2022-09-13T15:46:20","guid":{"rendered":"https:\/\/gymupstore.cl\/?post_type=product&#038;p=7017"},"modified":"2025-01-14T16:29:18","modified_gmt":"2025-01-14T19:29:18","slug":"shaker-acero-inoxidable-760-cc","status":"publish","type":"product","link":"https:\/\/gymupstore.cl\/index.php\/producto\/shaker-acero-inoxidable-760-cc\/","title":{"rendered":"Shaker Acero Inoxidable 760 cc"},"content":{"rendered":"<p>Shaker Inox Revitta, es una botella de acero inoxidable, con una capacidad de 760 cc. Ideal para preparar tus batidos o transportar tus l\u00edquidos favoritos. Gracias a su material, puede mantener la temperatura fr\u00eda por mas tiempo. Adem\u00e1s posee una tapa segura, que evita que se filtre el contenido interior.<\/p>\n","protected":false},"excerpt":{"rendered":"<ul>\n<li>Capacidad: 760 cc<\/li>\n<li>Mantiene la temperatura fr\u00eda por mas tiempo<\/li>\n<li>Tapa segura<\/li>\n<li>No se filtra el contenido interior<\/li>\n<li>Material: Acero inoxidable<\/li>\n<\/ul>\n","protected":false},"featured_media":7018,"comment_status":"open","ping_status":"closed","template":"","meta":[],"location":[495],"product_cat":[34,182,399],"product_tag":[],"locations":[{"id":495,"name":"PMC","slug":"gymupstore-pmc","quantity":"1"}],"_links":{"self":[{"href":"https:\/\/gymupstore.cl\/index.php\/wp-json\/wp\/v2\/product\/7017"}],"collection":[{"href":"https:\/\/gymupstore.cl\/index.php\/wp-json\/wp\/v2\/product"}],"about":[{"href":"https:\/\/gymupstore.cl\/index.php\/wp-json\/wp\/v2\/types\/product"}],"replies":[{"embeddable":true,"href":"https:\/\/gymupstore.cl\/index.php\/wp-json\/wp\/v2\/comments?post=7017"}],"wp:featuredmedia":[{"embeddable":true,"href":"https:\/\/gymupstore.cl\/index.php\/wp-json\/wp\/v2\/media\/7018"}],"wp:attachment":[{"href":"https:\/\/gymupstore.cl\/index.php\/wp-json\/wp\/v2\/media?parent=7017"}],"wp:term":[{"taxonomy":"location","embeddable":true,"href":"https:\/\/gymupstore.cl\/index.php\/wp-json\/wp\/v2\/location?post=7017"},{"taxonomy":"product_cat","embeddable":true,"href":"https:\/\/gymupstore.cl\/index.php\/wp-json\/wp\/v2\/product_cat?post=7017"},{"taxonomy":"product_tag","embeddable":true,"href":"https:\/\/gymupstore.cl\/index.php\/wp-json\/wp\/v2\/product_tag?post=7017"}],"curies":[{"name":"wp","href":"https:\/\/api.w.org\/{rel}","templated":true}]}}