{"id":3969,"date":"2020-05-15T00:01:54","date_gmt":"2020-05-15T00:01:54","guid":{"rendered":"https:\/\/gymupstore.cl\/?post_type=product&#038;p=3969"},"modified":"2025-07-21T21:54:02","modified_gmt":"2025-07-22T00:54:02","slug":"beta-alanina-200-gr-40-servicios","status":"publish","type":"product","link":"https:\/\/gymupstore.cl\/index.php\/producto\/beta-alanina-200-gr-40-servicios\/","title":{"rendered":"Beta Alanina 300 gr | 60 servicios"},"content":{"rendered":"<p>La Beta Alanina act\u00faa a nivel muscular como un buffer (tamp\u00f3n) bajando la acidosis que se genera durante los entrenamientos y\/o competencias de alta intensidad, mejorando el rendimiento y retrasando la fatiga. Puede ayudar al aumento de la potencia y fuerza explosiva, teniendo un gran impacto en la resistencia anaer\u00f3bica por su efecto tamp\u00f3n, lo que es muy \u00fatil y necesario para aquellas personas y deportistas que entrenan a altas intensidades<strong>.<\/strong><\/p>\n<div>\n<h4><strong>\u00bfPara qu\u00e9 sirve?<\/strong><\/h4>\n<p>Para aumentar el rendimiento y retrasar la fatiga muscular (tamp\u00f3n \u00e1cido l\u00e1ctico) Adem\u00e1s aumenta la potencia y fuerza explosiva, con un gran impacto en la resistencia anaer\u00f3bica.<\/p>\n<\/div>\n<div>\n<h4><strong>\u00bfQui\u00e9n debe tomarlo?<\/strong><\/h4>\n<p>Todo atleta o deportista que busque mejorar su desempe\u00f1o y resistencia.<\/p>\n<\/div>\n<div>\n<h4><strong>Modo de uso<\/strong><\/h4>\n<p>Tomar 1 servicio 30 minutos antes de comenzar el entrenamiento o de lo prescrito por tu nutricionista.<\/p>\n<\/div>\n","protected":false},"excerpt":{"rendered":"<ul>\n<li>Fuerza y potencia explosiva<\/li>\n<li>Rendimiento<\/li>\n<li>Retrasa la fatiga muscular<\/li>\n<\/ul>\n","protected":false},"featured_media":9606,"comment_status":"open","ping_status":"closed","template":"","meta":[],"location":[495],"product_cat":[30,28,161],"product_tag":[],"locations":[{"id":495,"name":"PMC","slug":"gymupstore-pmc","quantity":"2"}],"_links":{"self":[{"href":"https:\/\/gymupstore.cl\/index.php\/wp-json\/wp\/v2\/product\/3969"}],"collection":[{"href":"https:\/\/gymupstore.cl\/index.php\/wp-json\/wp\/v2\/product"}],"about":[{"href":"https:\/\/gymupstore.cl\/index.php\/wp-json\/wp\/v2\/types\/product"}],"replies":[{"embeddable":true,"href":"https:\/\/gymupstore.cl\/index.php\/wp-json\/wp\/v2\/comments?post=3969"}],"wp:featuredmedia":[{"embeddable":true,"href":"https:\/\/gymupstore.cl\/index.php\/wp-json\/wp\/v2\/media\/9606"}],"wp:attachment":[{"href":"https:\/\/gymupstore.cl\/index.php\/wp-json\/wp\/v2\/media?parent=3969"}],"wp:term":[{"taxonomy":"location","embeddable":true,"href":"https:\/\/gymupstore.cl\/index.php\/wp-json\/wp\/v2\/location?post=3969"},{"taxonomy":"product_cat","embeddable":true,"href":"https:\/\/gymupstore.cl\/index.php\/wp-json\/wp\/v2\/product_cat?post=3969"},{"taxonomy":"product_tag","embeddable":true,"href":"https:\/\/gymupstore.cl\/index.php\/wp-json\/wp\/v2\/product_tag?post=3969"}],"curies":[{"name":"wp","href":"https:\/\/api.w.org\/{rel}","templated":true}]}}