{"id":3848,"date":"2020-05-14T03:57:09","date_gmt":"2020-05-14T03:57:09","guid":{"rendered":"https:\/\/gymupstore.cl\/?post_type=product&#038;p=3848"},"modified":"2025-08-13T21:26:31","modified_gmt":"2025-08-14T00:26:31","slug":"polera-tank-top-mr-fitness-camuflaje-cafe-poliester","status":"publish","type":"product","link":"https:\/\/gymupstore.cl\/index.php\/producto\/polera-tank-top-mr-fitness-camuflaje-cafe-poliester\/","title":{"rendered":"Polera Tank Top Mr Fitness Camuflaje Poli\u00e9ster | Variedades"},"content":{"rendered":"<p>&nbsp;<\/p>\n<table border=\"0\" cellspacing=\"0\" cellpadding=\"0\" align=\"center\">\n<tbody>\n<tr>\n<td colspan=\"5\">\n<p align=\"center\" data-spm-anchor-id=\"a2g0o.detail.1000023.i2.6ace3551fPBtoY\">Atenci\u00f3n: Este es el tama\u00f1o asi\u00e1tico, generalmente 1 tama\u00f1o m\u00e1s peque\u00f1o que el tama\u00f1o normal.<\/p>\n<\/td>\n<\/tr>\n<tr>\n<td colspan=\"5\">\n<p align=\"center\" data-spm-anchor-id=\"a2g0o.detail.1000023.i0.6ace3551fPBtoY\">Unidad: cm (1 cm = 0,3937 pulgadas)<\/p>\n<\/td>\n<\/tr>\n<\/tbody>\n<\/table>\n<table border=\"1\" cellspacing=\"0\" cellpadding=\"0\" align=\"left\">\n<tbody>\n<tr>\n<td>\n<p align=\"center\">Tama\u00f1o<\/p>\n<\/td>\n<td>\n<p align=\"center\" data-spm-anchor-id=\"a2g0o.detail.1000023.i1.6ace3551fPBtoY\">Longitud<\/p>\n<\/td>\n<td>\n<p align=\"center\">Pecho<\/p>\n<\/td>\n<td>\n<p align=\"center\">Peso recomendado<\/p>\n<\/td>\n<td>\n<p align=\"center\">Altura<\/p>\n<\/td>\n<\/tr>\n<tr>\n<td>\n<p align=\"center\">M<\/p>\n<\/td>\n<td>\n<p align=\"center\"><span style=\"font-family: times new roman, times, serif;\">69 cm<\/span><\/p>\n<\/td>\n<td>\n<p align=\"center\"><span style=\"font-family: times new roman, times, serif;\">85 &#8211; 95 cm<\/span><\/p>\n<\/td>\n<td>\n<p align=\"center\"><span style=\"font-family: times new roman, times, serif;\">60-68 kg<\/span><\/p>\n<\/td>\n<td>\n<p align=\"center\">163 &#8211; 167 cm<\/p>\n<\/td>\n<\/tr>\n<tr>\n<td>\n<p align=\"center\">L<\/p>\n<\/td>\n<td>\n<p align=\"center\"><span style=\"font-family: times new roman, times, serif;\">71 cm<\/span><\/p>\n<\/td>\n<td>\n<p align=\"center\"><span style=\"font-family: times new roman, times, serif;\">92 &#8211; 102 cm<\/span><\/p>\n<\/td>\n<td>\n<p align=\"center\"><span style=\"font-family: times new roman, times, serif;\">68-75 kg<\/span><\/p>\n<\/td>\n<td>\n<p align=\"center\">168 &#8211; 173 cm<\/p>\n<\/td>\n<\/tr>\n<tr>\n<td>\n<p align=\"center\">XL<\/p>\n<\/td>\n<td>\n<p align=\"center\"><span style=\"font-family: times new roman, times, serif;\">73 cm<\/span><\/p>\n<\/td>\n<td>\n<p align=\"center\"><span style=\"font-family: times new roman, times, serif;\">98 -110 cm<\/span><\/p>\n<\/td>\n<td>\n<p align=\"center\"><span style=\"font-family: times new roman, times, serif;\">75-82 kg<\/span><\/p>\n<\/td>\n<td>\n<p align=\"center\">174 &#8211; 178 cm<\/p>\n<\/td>\n<\/tr>\n<tr>\n<td>\n<p align=\"center\">XXL<\/p>\n<\/td>\n<td>\n<p align=\"center\"><span style=\"font-family: times new roman, times, serif;\">75 cm<\/span><\/p>\n<\/td>\n<td>\n<p align=\"center\"><span style=\"font-family: times new roman, times, serif;\">102 &#8211; 120 cm<\/span><\/p>\n<\/td>\n<td>\n<p align=\"center\"><span style=\"font-family: times new roman, times, serif;\">82-90 kg<\/span><\/p>\n<\/td>\n<td>\n<p align=\"center\">179 &#8211; 185 cm<\/p>\n<\/td>\n<\/tr>\n<tr>\n<td colspan=\"5\">1. Permite una diferencia de 1-2cm debido a la medici\u00f3n manual.<\/p>\n<p align=\"left\">2. Ya que los diferentes monitores muestran los colores de forma diferente, el color del art\u00edculo real puede variar ligeramente de las im\u00e1genes anteriores. Gracias por tu comprensi\u00f3n.<\/p>\n<\/td>\n<\/tr>\n<\/tbody>\n<\/table>\n<p>&nbsp;<\/p>\n","protected":false},"excerpt":{"rendered":"<p>&nbsp; Atenci\u00f3n: Este es el tama\u00f1o asi\u00e1tico, generalmente 1 tama\u00f1o [&hellip;]<\/p>\n","protected":false},"featured_media":3644,"comment_status":"open","ping_status":"closed","template":"","meta":[],"location":[495],"product_cat":[394,33],"product_tag":[],"locations":[{"id":495,"name":"PMC","slug":"gymupstore-pmc","quantity":"0"}],"_links":{"self":[{"href":"https:\/\/gymupstore.cl\/index.php\/wp-json\/wp\/v2\/product\/3848"}],"collection":[{"href":"https:\/\/gymupstore.cl\/index.php\/wp-json\/wp\/v2\/product"}],"about":[{"href":"https:\/\/gymupstore.cl\/index.php\/wp-json\/wp\/v2\/types\/product"}],"replies":[{"embeddable":true,"href":"https:\/\/gymupstore.cl\/index.php\/wp-json\/wp\/v2\/comments?post=3848"}],"wp:featuredmedia":[{"embeddable":true,"href":"https:\/\/gymupstore.cl\/index.php\/wp-json\/wp\/v2\/media\/3644"}],"wp:attachment":[{"href":"https:\/\/gymupstore.cl\/index.php\/wp-json\/wp\/v2\/media?parent=3848"}],"wp:term":[{"taxonomy":"location","embeddable":true,"href":"https:\/\/gymupstore.cl\/index.php\/wp-json\/wp\/v2\/location?post=3848"},{"taxonomy":"product_cat","embeddable":true,"href":"https:\/\/gymupstore.cl\/index.php\/wp-json\/wp\/v2\/product_cat?post=3848"},{"taxonomy":"product_tag","embeddable":true,"href":"https:\/\/gymupstore.cl\/index.php\/wp-json\/wp\/v2\/product_tag?post=3848"}],"curies":[{"name":"wp","href":"https:\/\/api.w.org\/{rel}","templated":true}]}}