{"id":14203,"date":"2026-05-13T15:23:27","date_gmt":"2026-05-13T18:23:27","guid":{"rendered":"https:\/\/gymupstore.cl\/?post_type=product&#038;p=14203"},"modified":"2026-05-13T15:31:44","modified_gmt":"2026-05-13T18:31:44","slug":"melena-de-leon-600mg-dua-labs-120-capsulas-60-servicios","status":"publish","type":"product","link":"https:\/\/gymupstore.cl\/index.php\/producto\/melena-de-leon-600mg-dua-labs-120-capsulas-60-servicios\/","title":{"rendered":"Melena de Leon 600mg D\u00fca Labs\u00ae | 120 c\u00e1psulas (60 servicios)"},"content":{"rendered":"<div>Melena de le\u00f3n 600 mg \u2013 120 c\u00e1psulas D\u00fca Labs \u2013 Rinde 2 meses<\/div>\n<div><\/div>\n<div>La Melena de Le\u00f3n es un hongo adapt\u00f3geno ampliamente reconocido por sus beneficios, especialmente en el cerebro y sistema nervioso, con capacidad de estimular la memoria, la concentraci\u00f3n, la salud cerebral y sistema nervioso.<\/div>\n<div>Ideal para quienes buscan rendimiento mental, enfoque sostenido, y bienestar cognitivo sin estimulantes artificiales.<\/div>\n<div><\/div>\n<div>Compromiso de calidad D\u00fca Labs:<\/div>\n<div>En D\u00fca Labs somos la primera marca chilena que realiza y publica sus an\u00e1lisis de laboratorio, trabajamos con est\u00e1ndares de calidad certificados, garantizando ingredientes de calidad, concentraciones efectivas y m\u00e1s porciones por envase para acompa\u00f1arte por m\u00e1s tiempo.<\/div>\n<div><\/div>\n<div>Modo de uso:<\/div>\n<div>Tomar 2 c\u00e1psulas al d\u00eda con abundante agua, recomendado durante la ma\u00f1ana o en alg\u00fan momento del d\u00eda que busques concentraci\u00f3n y foco mental. No exceder la dosis diaria recomendada.<\/div>\n<div><\/div>\n<div>Ficha t\u00e9cnica<\/div>\n<div>&#8211; Tipo de producto: Suplemento alimenticio natural<\/div>\n<div>&#8211; Componente principal: Hongo melena de le\u00f3n 600 mg por porci\u00f3n<\/div>\n<div>&#8211; Porci\u00f3n: 2 c\u00e1psulas<\/div>\n<div>&#8211; Ideal para: personas que buscan mayor energ\u00eda mental, mejorar su concentraci\u00f3n y memoria. Adem\u00e1s la melena de le\u00f3n ayuda a promover una sensaci\u00f3n de calma y equilibrio emocional.<\/div>\n<div>&#8211; Envase con 120 c\u00e1psulas blandas<\/div>\n<div>&#8211; Rinde para 2 meses de consumo<\/div>\n<div>&#8211; Ingredientes: Hongo melena de le\u00f3n, Gelatina (de la c\u00e1psula), Prote\u00edna de arveja, fosfato tric\u00e1lcico, lecitina de girasol.\u00a0 Elaborado en l\u00edneas que procesan derivados del pescado, crust\u00e1ceos, soya, leche, huevos y sulfitos.<\/div>\n<div>&#8211; Presentaci\u00f3n: Envase de aluminio<\/div>\n<div>&#8211; Envase de aluminio: Protege contra la luz y humedad<\/div>\n<div><\/div>\n<div>*Suplemento alimenticio, no medicamento. No reemplaza una dieta equilibrada ni tratamientos m\u00e9dicos. Si est\u00e1s embarazada, en lactancia, tomas f\u00e1rmacos o tienes una condici\u00f3n m\u00e9dica, consulta a tu m\u00e9dico. No exceder la porci\u00f3n diaria. Mantener fuera del alcance de los ni\u00f1os.<\/div>\n","protected":false},"excerpt":{"rendered":"<div>Principales Beneficios:<\/div>\n<div><\/div>\n<ul>\n<li>Mejora la memoria y concentraci\u00f3n: estimula el crecimiento y mantenimiento de las neuronas, potenciando el rendimiento cognitivo.<\/li>\n<li>Favorece la claridad mental y capacidad de atenci\u00f3n: ideal para estudiantes, profesionales o personas con alta carga mental.<\/li>\n<li>Apoya el bienestar emocional: ayuda a reducir el estr\u00e9s y la fatiga mental, promoviendo el equilibrio del sistema nervioso. Promueve una sensaci\u00f3n de calma y equilibrio emocional.<\/li>\n<li>Ofrecer efectos neuroprotectores que pueden contribuir en la prevenci\u00f3n de enfermedades neurodegenerativas.<\/li>\n<li>Fortalecer el sistema inmunol\u00f3gico.<\/li>\n<\/ul>\n","protected":false},"featured_media":14219,"comment_status":"open","ping_status":"closed","template":"","meta":[],"product_brand":[],"product_cat":[777,843,770,32,765],"product_tag":[],"class_list":{"0":"post-14203","1":"product","2":"type-product","3":"status-publish","4":"has-post-thumbnail","6":"product_cat-adaptogenos","7":"product_cat-dua-labs","8":"product_cat-hongos-medicinales","9":"product_cat-salud-bienestar","10":"product_cat-sistema-inmunologico","12":"first","13":"outofstock","14":"taxable","15":"shipping-taxable","16":"purchasable","17":"product-type-simple"},"supplier_id":null,"supplier_sku":"","barcode":null,"atum_controlled":true,"out_stock_date":"2026-05-13 15:31:44","out_stock_threshold":null,"inheritable":false,"inbound_stock":0,"stock_on_hold":0,"sold_today":0,"sales_last_days":0,"reserved_stock":0,"customer_returns":0,"warehouse_damage":0,"lost_in_post":0,"other_logs":0,"out_stock_days":0,"lost_sales":0,"has_location":false,"update_date":"2026-05-14T00:04:17","atum_locations":[],"atum_stock_status":"outofstock","restock_status":false,"low_stock_amount":"","sales_update_date":"2026-05-14T00:04:17","calc_backorders":null,"_links":{"self":[{"href":"https:\/\/gymupstore.cl\/index.php\/wp-json\/wp\/v2\/product\/14203","targetHints":{"allow":["GET"]}}],"collection":[{"href":"https:\/\/gymupstore.cl\/index.php\/wp-json\/wp\/v2\/product"}],"about":[{"href":"https:\/\/gymupstore.cl\/index.php\/wp-json\/wp\/v2\/types\/product"}],"replies":[{"embeddable":true,"href":"https:\/\/gymupstore.cl\/index.php\/wp-json\/wp\/v2\/comments?post=14203"}],"wp:featuredmedia":[{"embeddable":true,"href":"https:\/\/gymupstore.cl\/index.php\/wp-json\/wp\/v2\/media\/14219"}],"wp:attachment":[{"href":"https:\/\/gymupstore.cl\/index.php\/wp-json\/wp\/v2\/media?parent=14203"}],"wp:term":[{"taxonomy":"product_brand","embeddable":true,"href":"https:\/\/gymupstore.cl\/index.php\/wp-json\/wp\/v2\/product_brand?post=14203"},{"taxonomy":"product_cat","embeddable":true,"href":"https:\/\/gymupstore.cl\/index.php\/wp-json\/wp\/v2\/product_cat?post=14203"},{"taxonomy":"product_tag","embeddable":true,"href":"https:\/\/gymupstore.cl\/index.php\/wp-json\/wp\/v2\/product_tag?post=14203"}],"curies":[{"name":"wp","href":"https:\/\/api.w.org\/{rel}","templated":true}]}}