{"id":14016,"date":"2026-05-08T21:29:22","date_gmt":"2026-05-09T00:29:22","guid":{"rendered":"https:\/\/gymupstore.cl\/?post_type=product&#038;p=14016"},"modified":"2026-05-08T21:45:09","modified_gmt":"2026-05-09T00:45:09","slug":"sachet-creathor-nox-1-servicio","status":"publish","type":"product","link":"https:\/\/gymupstore.cl\/index.php\/producto\/sachet-creathor-nox-1-servicio\/","title":{"rendered":"Sachet Creathor NOx | 1 servicio"},"content":{"rendered":"<h4>Descripci\u00f3n y efectos.<\/h4>\n<p><strong>CREATHOR NOx<\/strong> de <strong>MONSTABOLIC<\/strong> es un alimento para deportistas que contiene creatina monohidrato micronizada, L-arginina y dextrosa. , adem\u00e1s de una peque\u00f1a cantidad de maltodextrina, para producir un peak de insulina que favorecer\u00e1 el ingreso de la creatina en la c\u00e9lula muscular.<br \/>\nAs\u00ed mismo, la toma de creatina en forma de suplementaci\u00f3n aumenta la retenci\u00f3n de l\u00edquidos a nivel celular, aumentando tambi\u00e9n la percepci\u00f3n de masa magra, pero a su vez mejorando la permeabilidad muscular y la absorci\u00f3n de amino\u00e1cidos desde el torrente sangu\u00edneo hacia las c\u00e9lulas musculares.<\/p>\n<h4>Componentes de CreaThor NOx:<\/h4>\n<ul>\n<li>Creatina Ultramicronizada 200 mesh: permite mejorar el rendimiento f\u00edsico, potencia y aumentar la masa muscular en los atletas y los adultos mayores.<\/li>\n<li>Maltodextrina: es un tipo de carbohidrato complejo que tu cuerpo utiliza como fuente constante de energ\u00eda. Recarga las reservas de gluc\u00f3geno.<\/li>\n<li>L-Arginina: es un amino\u00e1cido que favorece la irrigaci\u00f3n sangu\u00ednea, lo que permite una mejor entrega de nutrientes al organismo y facilita la eliminaci\u00f3n de desechos del metabolismo.<\/li>\n<li>Dextrosa: es un tipo de carbohidrato simple que tu cuerpo utiliza como fuente primaria de energ\u00eda. Ayuda al transporte inmediato de creatina a la c\u00e9lula muscular.<\/li>\n<\/ul>\n<h4>Ingesta Sugerida:<\/h4>\n<p>2 porciones diarias: antes y despu\u00e9s de entrenar.<\/p>\n","protected":false},"excerpt":{"rendered":"<h4>Caracter\u00edsticas de CreaThor NOx:<\/h4>\n<ul>\n<li>5 gr Creatina Monohidrato Micronizada<\/li>\n<li>500 mg L-Arginina<\/li>\n<li>4 Gramos de carbohidratos (Dextrosa y Maltodextrina)<\/li>\n<li>1 servicio<\/li>\n<li>Sabor Frutos del Bosque.<\/li>\n<li>Excelente Sabor y disoluci\u00f3n<\/li>\n<\/ul>\n","protected":false},"featured_media":14021,"comment_status":"open","ping_status":"closed","template":"","meta":[],"location":[495],"product_brand":[],"product_cat":[577,29,37],"product_tag":[],"class_list":{"0":"post-14016","1":"product","2":"type-product","3":"status-publish","4":"has-post-thumbnail","6":"location-gymupstore-pmc","7":"product_cat-creatinas","8":"product_cat-creatinas-glutaminas","9":"product_cat-monstabolic","11":"first","12":"instock","13":"taxable","14":"shipping-taxable","15":"purchasable","16":"product-type-variable"},"supplier_id":null,"supplier_sku":"","barcode":null,"atum_controlled":true,"out_stock_date":"2026-05-08 21:29:22","out_stock_threshold":null,"inheritable":true,"inbound_stock":0,"stock_on_hold":0,"sold_today":null,"sales_last_days":null,"reserved_stock":0,"customer_returns":0,"warehouse_damage":0,"lost_in_post":0,"other_logs":0,"out_stock_days":null,"lost_sales":null,"has_location":false,"update_date":"2026-05-09T00:38:19","atum_locations":[],"atum_stock_status":"outofstock","restock_status":false,"low_stock_amount":"","sales_update_date":"2026-05-09T00:38:19","calc_backorders":null,"locations":[{"id":495,"name":"PMC","slug":"gymupstore-pmc","quantity":""}],"_links":{"self":[{"href":"https:\/\/gymupstore.cl\/index.php\/wp-json\/wp\/v2\/product\/14016","targetHints":{"allow":["GET"]}}],"collection":[{"href":"https:\/\/gymupstore.cl\/index.php\/wp-json\/wp\/v2\/product"}],"about":[{"href":"https:\/\/gymupstore.cl\/index.php\/wp-json\/wp\/v2\/types\/product"}],"replies":[{"embeddable":true,"href":"https:\/\/gymupstore.cl\/index.php\/wp-json\/wp\/v2\/comments?post=14016"}],"wp:featuredmedia":[{"embeddable":true,"href":"https:\/\/gymupstore.cl\/index.php\/wp-json\/wp\/v2\/media\/14021"}],"wp:attachment":[{"href":"https:\/\/gymupstore.cl\/index.php\/wp-json\/wp\/v2\/media?parent=14016"}],"wp:term":[{"taxonomy":"location","embeddable":true,"href":"https:\/\/gymupstore.cl\/index.php\/wp-json\/wp\/v2\/location?post=14016"},{"taxonomy":"product_brand","embeddable":true,"href":"https:\/\/gymupstore.cl\/index.php\/wp-json\/wp\/v2\/product_brand?post=14016"},{"taxonomy":"product_cat","embeddable":true,"href":"https:\/\/gymupstore.cl\/index.php\/wp-json\/wp\/v2\/product_cat?post=14016"},{"taxonomy":"product_tag","embeddable":true,"href":"https:\/\/gymupstore.cl\/index.php\/wp-json\/wp\/v2\/product_tag?post=14016"}],"curies":[{"name":"wp","href":"https:\/\/api.w.org\/{rel}","templated":true}]}}