{"id":13427,"date":"2025-08-11T23:10:33","date_gmt":"2025-08-12T02:10:33","guid":{"rendered":"https:\/\/gymupstore.cl\/?post_type=product&#038;p=13427"},"modified":"2026-05-07T13:51:05","modified_gmt":"2026-05-07T16:51:05","slug":"iso-drinx-electrolitos-12-tabs-variedades","status":"publish","type":"product","link":"https:\/\/gymupstore.cl\/index.php\/producto\/iso-drinx-electrolitos-12-tabs-variedades\/","title":{"rendered":"ISO Drinx Electrolitos 12 Tabs | Variedades"},"content":{"rendered":"<p>ISODRINX con electrolitos en forma de tabletas solubles para dosificaci\u00f3n precisa y sencilla. Cada tubo contiene 12 tabletas con disac\u00e1rido de isomaltulosa de marca (Palatinose\u2122), asegurando una absorci\u00f3n gradual.<\/p>\n<p><strong>Principales Caracter\u00edsticas:<\/strong><\/p>\n<ul class=\"lista_descripcion\">\n<li>Isot\u00f3nico y diluci\u00f3n hipt\u00f3nica.<\/li>\n<li>Adici\u00f3n de electrolitos.<\/li>\n<li>Mezcla de 10 vitaminas.<\/li>\n<li>Sin colorantes artificiales.<\/li>\n<li>Tabletas solubles.<\/li>\n<\/ul>\n<p><strong>Componentes:<\/strong><\/p>\n<p><strong>\u2022 Palatinose<\/strong>: Marca comercial de isomaltulosa (is\u00f3mero de la sacarosa compuesta de glucosa y fructosa mediante una porci\u00f3n de 1:6 glucos\u00eddico. La isomaltulosa es completamente hidrolizada y absorbida en el intestino delgado, la velocidad de digesti\u00f3n es prolongada.<\/p>\n<p><strong>\u2022 Vitaminas liposolubles (Vitamina E):<\/strong>\u00a0Estas se almacenan en el tejido graso del cuerpo. Estas vitaminas se absorben m\u00e1s f\u00e1cilmente por el cuerpo en la presencia de la grasa alimentaria.<\/p>\n<p><strong>\u2022 Vitaminas hidrosolubles:\u00a0<\/strong>Estas no se encuentran almacenadas en el cuerpo, debido a su expulsi\u00f3n. Se deben consumir regularmente para prevenir sus escases. A es importante mencionar que la Vitamina B12 es la \u00fanica vitamina hidrosoluble que se almacena en el h\u00edgado durante a\u00f1os.<\/p>\n<div class=\"easytabs-accordion-item\" tabindex=\"0\" role=\"tab\" aria-controls=\"easytabs-content-8263465271525-1\" aria-expanded=\"true\"><strong><span id=\"easytabs-acc-label-8263465271525-1\" class=\"easytabs-header-text ui-tabs-anchor js-no-transition\">MODO DE USO<\/span><\/strong><\/div>\n<div id=\"easytabs-content-8263465271525-1\" class=\"easytabs-content-holder\" role=\"region\" data-tab-labelledby=\"easytabs-tab-label-8263465271525-1\" data-acc-labelledby=\"easytabs-acc-label-8263465271525-1\" aria-hidden=\"false\" aria-labelledby=\"easytabs-acc-label-8263465271525-1\">\n<p>La relaci\u00f3n de diluci\u00f3n para la bebida ISOtonic es de 1 tableta en 250 ml de agua (la osmolalidad es de 275-305 mOsm\/kg). La relaci\u00f3n de diluci\u00f3n de la bebida HIPOt\u00f3nica es de 1 comprimido en 375 ml de agua (la osmolalidad es inferior a 250 mOsm\/kg).<\/p>\n<p>Una vez abierto, conservar a temperatura que no supere los 25\u00b0C y utilizar en un plazo de 3 meses.<\/p>\n<div class=\"easytabs-accordion-item\" tabindex=\"0\" role=\"tab\" aria-controls=\"easytabs-content-8263465271525-2\" aria-expanded=\"true\"><strong><span id=\"easytabs-acc-label-8263465271525-2\" class=\"easytabs-header-text ui-tabs-anchor js-no-transition\">PRESENTACI\u00d3N<\/span><\/strong><\/div>\n<div id=\"easytabs-content-8263465271525-2\" class=\"easytabs-content-holder\" role=\"region\" data-tab-labelledby=\"easytabs-tab-label-8263465271525-2\" data-acc-labelledby=\"easytabs-acc-label-8263465271525-2\" aria-hidden=\"false\" aria-labelledby=\"easytabs-acc-label-8263465271525-2\">\n<p>12 tabletas efervescentes en cada uno con sabor.<\/p>\n<p><strong>Advertencia:<\/strong><\/p>\n<p>Comprimidos para preparaci\u00f3n de bebida no alcoh\u00f3lica aromatizada enriquecida con vitaminas, az\u00facares y edulcorantes. Formulado especialmente para deportistas. No destinado a ni\u00f1os menores de 3 a\u00f1os. Mantener fuera del alcance de los ni\u00f1os. Almacenar en un lugar seco a una temperatura que no exceda los 25 \u00b0C y protegido de la luz solar directa. \u00a1No congelar! El productor no se hace responsable de los da\u00f1os causados por un uso o almacenamiento inadecuados.<\/p>\n<\/div>\n<\/div>\n","protected":false},"excerpt":{"rendered":"<p><strong>Principales Caracter\u00edsticas:<\/strong><\/p>\n<ul class=\"lista_descripcion\">\n<li>Isot\u00f3nico y diluci\u00f3n hipt\u00f3nica.<\/li>\n<li>Adici\u00f3n de electrolitos.<\/li>\n<li>Mezcla de 10 vitaminas.<\/li>\n<li>Sin colorantes artificiales.<\/li>\n<li>Tabletas solubles.<\/li>\n<\/ul>\n","protected":false},"featured_media":13429,"comment_status":"open","ping_status":"closed","template":"","meta":[],"product_brand":[],"product_cat":[823,28,767],"product_tag":[],"class_list":{"0":"post-13427","1":"product","2":"type-product","3":"status-publish","4":"has-post-thumbnail","6":"product_cat-nutrend","7":"product_cat-pre-entrenos","8":"product_cat-vitaminas-y-minerales","10":"first","11":"instock","12":"taxable","13":"shipping-taxable","14":"purchasable","15":"product-type-variable"},"supplier_id":null,"supplier_sku":"","barcode":null,"atum_controlled":true,"out_stock_date":null,"out_stock_threshold":null,"inheritable":false,"inbound_stock":0,"stock_on_hold":0,"sold_today":0,"sales_last_days":0,"reserved_stock":0,"customer_returns":0,"warehouse_damage":0,"lost_in_post":0,"other_logs":0,"out_stock_days":0,"lost_sales":0,"has_location":null,"update_date":"2026-05-13T00:03:40","atum_locations":[],"atum_stock_status":"instock","restock_status":false,"low_stock_amount":"","sales_update_date":"2026-05-13T00:03:40","calc_backorders":null,"_links":{"self":[{"href":"https:\/\/gymupstore.cl\/index.php\/wp-json\/wp\/v2\/product\/13427","targetHints":{"allow":["GET"]}}],"collection":[{"href":"https:\/\/gymupstore.cl\/index.php\/wp-json\/wp\/v2\/product"}],"about":[{"href":"https:\/\/gymupstore.cl\/index.php\/wp-json\/wp\/v2\/types\/product"}],"replies":[{"embeddable":true,"href":"https:\/\/gymupstore.cl\/index.php\/wp-json\/wp\/v2\/comments?post=13427"}],"wp:featuredmedia":[{"embeddable":true,"href":"https:\/\/gymupstore.cl\/index.php\/wp-json\/wp\/v2\/media\/13429"}],"wp:attachment":[{"href":"https:\/\/gymupstore.cl\/index.php\/wp-json\/wp\/v2\/media?parent=13427"}],"wp:term":[{"taxonomy":"product_brand","embeddable":true,"href":"https:\/\/gymupstore.cl\/index.php\/wp-json\/wp\/v2\/product_brand?post=13427"},{"taxonomy":"product_cat","embeddable":true,"href":"https:\/\/gymupstore.cl\/index.php\/wp-json\/wp\/v2\/product_cat?post=13427"},{"taxonomy":"product_tag","embeddable":true,"href":"https:\/\/gymupstore.cl\/index.php\/wp-json\/wp\/v2\/product_tag?post=13427"}],"curies":[{"name":"wp","href":"https:\/\/api.w.org\/{rel}","templated":true}]}}