{"id":12904,"date":"2025-01-06T19:08:58","date_gmt":"2025-01-06T22:08:58","guid":{"rendered":"https:\/\/gymupstore.cl\/?post_type=product&#038;p=12904"},"modified":"2025-07-09T19:11:24","modified_gmt":"2025-07-09T22:11:24","slug":"eaa-pro-hydration-at-30-servicios","status":"publish","type":"product","link":"https:\/\/gymupstore.cl\/index.php\/producto\/eaa-pro-hydration-at-30-servicios\/","title":{"rendered":"EAA+ Pro Hydration AT | 30 servicios"},"content":{"rendered":"<p>EAA+ Hydration de GREATLHETE \u2063 en 3 diferentes sabores Maracuya, Mango o Sandia<br \/>\n\u2063\u2063<br \/>\nEs necesarios con el fin de ayudar a construir nuevo tejido muscular y ayuda en la reparaci\u00f3n celular que se produce cuando los m\u00fasculos se est\u00e1n recuperando\u2063\u2063<\/p>\n","protected":false},"excerpt":{"rendered":"<p>EAA+ Hydration de GREATLHETE \u2063 en 3 diferentes sabores Maracuya, [&hellip;]<\/p>\n","protected":false},"featured_media":12905,"comment_status":"open","ping_status":"closed","template":"","meta":[],"location":[495],"product_cat":[30,153],"product_tag":[],"locations":[{"id":495,"name":"PMC","slug":"gymupstore-pmc","quantity":""}],"_links":{"self":[{"href":"https:\/\/gymupstore.cl\/index.php\/wp-json\/wp\/v2\/product\/12904"}],"collection":[{"href":"https:\/\/gymupstore.cl\/index.php\/wp-json\/wp\/v2\/product"}],"about":[{"href":"https:\/\/gymupstore.cl\/index.php\/wp-json\/wp\/v2\/types\/product"}],"replies":[{"embeddable":true,"href":"https:\/\/gymupstore.cl\/index.php\/wp-json\/wp\/v2\/comments?post=12904"}],"wp:featuredmedia":[{"embeddable":true,"href":"https:\/\/gymupstore.cl\/index.php\/wp-json\/wp\/v2\/media\/12905"}],"wp:attachment":[{"href":"https:\/\/gymupstore.cl\/index.php\/wp-json\/wp\/v2\/media?parent=12904"}],"wp:term":[{"taxonomy":"location","embeddable":true,"href":"https:\/\/gymupstore.cl\/index.php\/wp-json\/wp\/v2\/location?post=12904"},{"taxonomy":"product_cat","embeddable":true,"href":"https:\/\/gymupstore.cl\/index.php\/wp-json\/wp\/v2\/product_cat?post=12904"},{"taxonomy":"product_tag","embeddable":true,"href":"https:\/\/gymupstore.cl\/index.php\/wp-json\/wp\/v2\/product_tag?post=12904"}],"curies":[{"name":"wp","href":"https:\/\/api.w.org\/{rel}","templated":true}]}}