{"id":12888,"date":"2025-01-06T18:02:56","date_gmt":"2025-01-06T21:02:56","guid":{"rendered":"https:\/\/gymupstore.cl\/?post_type=product&#038;p=12888"},"modified":"2025-03-20T07:15:25","modified_gmt":"2025-03-20T10:15:25","slug":"shaker-3-en-1-winkler-nutrition-negro-con-naranjo","status":"publish","type":"product","link":"https:\/\/gymupstore.cl\/index.php\/producto\/shaker-3-en-1-winkler-nutrition-negro-con-naranjo\/","title":{"rendered":"Shaker 3 en 1 Winkler Nutrition Negro con Naranjo"},"content":{"rendered":"<p>SHAKER de Winkler Nutrition es una botella pl\u00e1stica con una capacidad de 450 cc que es ideal para preparar tus batidos o transportar tus l\u00edquidos favoritos. Adem\u00e1s contiene pastillero + compartimiento para guardar 1 scoop de prote\u00edna.<\/p>\n<p>Capacidad: 450 cc<\/p>\n<p>Color: Negro-naranj0<\/p>\n<div>Contiene pastillero + compartimiento<\/div>\n<div><\/div>\n<div>Modo de uso: Util\u00edzalo para hacer tus batidos de prote\u00ednas o tus smoothies. Ll\u00e9valo contigo a cualquier lugar (oficina \u2013 deportes \u2013 etc.)<\/div>\n","protected":false},"excerpt":{"rendered":"<ul>\n<li>Capacidad: 450 cc<\/li>\n<li>Pastillero<\/li>\n<li>Compartimiento para prote\u00edna<\/li>\n<li>No se filtra el contenido interior<\/li>\n<li>Material: Pl\u00e1stico<\/li>\n<\/ul>\n","protected":false},"featured_media":12889,"comment_status":"open","ping_status":"closed","template":"","meta":[],"location":[495],"product_cat":[34,399,161],"product_tag":[],"locations":[{"id":495,"name":"PMC","slug":"gymupstore-pmc","quantity":"0"}],"_links":{"self":[{"href":"https:\/\/gymupstore.cl\/index.php\/wp-json\/wp\/v2\/product\/12888"}],"collection":[{"href":"https:\/\/gymupstore.cl\/index.php\/wp-json\/wp\/v2\/product"}],"about":[{"href":"https:\/\/gymupstore.cl\/index.php\/wp-json\/wp\/v2\/types\/product"}],"replies":[{"embeddable":true,"href":"https:\/\/gymupstore.cl\/index.php\/wp-json\/wp\/v2\/comments?post=12888"}],"wp:featuredmedia":[{"embeddable":true,"href":"https:\/\/gymupstore.cl\/index.php\/wp-json\/wp\/v2\/media\/12889"}],"wp:attachment":[{"href":"https:\/\/gymupstore.cl\/index.php\/wp-json\/wp\/v2\/media?parent=12888"}],"wp:term":[{"taxonomy":"location","embeddable":true,"href":"https:\/\/gymupstore.cl\/index.php\/wp-json\/wp\/v2\/location?post=12888"},{"taxonomy":"product_cat","embeddable":true,"href":"https:\/\/gymupstore.cl\/index.php\/wp-json\/wp\/v2\/product_cat?post=12888"},{"taxonomy":"product_tag","embeddable":true,"href":"https:\/\/gymupstore.cl\/index.php\/wp-json\/wp\/v2\/product_tag?post=12888"}],"curies":[{"name":"wp","href":"https:\/\/api.w.org\/{rel}","templated":true}]}}