{"id":11849,"date":"2024-07-02T00:54:26","date_gmt":"2024-07-02T03:54:26","guid":{"rendered":"https:\/\/gymupstore.cl\/?post_type=product&#038;p=11849"},"modified":"2024-07-02T01:08:33","modified_gmt":"2024-07-02T04:08:33","slug":"control-pro-iine-dragon-ball-z-nsw","status":"publish","type":"product","link":"https:\/\/gymupstore.cl\/index.php\/producto\/control-pro-iine-dragon-ball-z-nsw\/","title":{"rendered":"Control Pro IINE Dragon Ball Z (Limited Edition) | NSW"},"content":{"rendered":"<p><strong>Control inal\u00e1mbrico compatible con Nintendo Switch (Todos los modelos) y PC.<\/strong><\/p>\n<ul class=\"a-unordered-list a-vertical a-spacing-mini\">\n<li class=\"a-spacing-mini\"><span class=\"a-list-item\"><strong>Funci\u00f3n de Wake Up:<\/strong>\u00a0el Pro Controller de IINE cuenta con una funci\u00f3n Wake Up. Solo tienes que pulsar una tecla bot\u00f3n &#8216;HOME&#8217; para encender la consola.<\/span><\/li>\n<li class=\"a-spacing-mini\"><span class=\"a-list-item\"><strong>Funci\u00f3n de NFC:<\/strong>\u00a0Puedes seguir las instrucciones del juego para colocar la figura o tarjeta Amiibo en el \u00e1rea de detecci\u00f3n NFC.<\/span><\/li>\n<li class=\"a-spacing-mini\"><span class=\"a-list-item\"><strong>Vibraci\u00f3n Doble:<\/strong>\u00a0Este Pro Controller tiene un motor dual integrado para darte una mejor experiencia de juego y mas realista, as\u00ed como un giroscopio integrado de 6 ejes para mejorar la precisi\u00f3n y detectar cada detalle de tu movimiento para un control m\u00e1s preciso.<\/span><\/li>\n<li class=\"a-spacing-mini\"><span class=\"a-list-item\"><strong>Dise\u00f1o ergon\u00f3mico y antideslizante:<\/strong>\u00a0Con una estructura ergon\u00f3mica, que es mucho mas c\u00f3moda para ambas manos, Adem\u00e1s cuenta con mangos con dise\u00f1o antideslizante, lo que te permite jugar de forma estable sin preocuparte por el sudor en tus manos.<\/span><\/li>\n<li class=\"a-spacing-mini\"><span class=\"a-list-item\"><strong>Funci\u00f3n turbo y retroalimentaci\u00f3n de vibraci\u00f3n:\u00a0<\/strong>Pulsa el bot\u00f3n T y arriba\/abajo para ajustar el nivel de vibraci\u00f3n, 5 niveles para ajustar 0\u219230% \u2192 50% \u2192 70% \u2192 100%; pulsa T y cualquier bot\u00f3n de A\/B\/X\/Y\/L\/R para ajustar el TURBO, repite dos veces para activar el disparo autom\u00e1tico, repite una tercera vez para cancelar el disparo autom\u00e1tico.<\/span><\/li>\n<li class=\"a-spacing-mini\"><span class=\"a-list-item\"><strong>Bater\u00eda interna recargable de larga duraci\u00f3n:<\/strong> Juega largas sesiones de juego gracias a su bateria de Litio de larga duraci\u00f3n.<\/span><\/li>\n<\/ul>\n","protected":false},"excerpt":{"rendered":"<ul>\n<li>6-Axis Gyro Sensor<\/li>\n<li>Wake up function<\/li>\n<li>Headset jack<\/li>\n<li>Auto-fire<\/li>\n<li>NFC amiibo<\/li>\n<li>Macro settings<\/li>\n<li>Adjustable Vibration<\/li>\n<li>Support Wired\/Wireless connect to Nintendo Switch<\/li>\n<li>Support PC Steam by cable<\/li>\n<\/ul>\n","protected":false},"featured_media":11850,"comment_status":"open","ping_status":"closed","template":"","meta":[],"location":[495],"product_cat":[609,612,732,523,517,596],"product_tag":[],"locations":[{"id":495,"name":"PMC","slug":"gymupstore-pmc","quantity":"1"}],"_links":{"self":[{"href":"https:\/\/gymupstore.cl\/index.php\/wp-json\/wp\/v2\/product\/11849"}],"collection":[{"href":"https:\/\/gymupstore.cl\/index.php\/wp-json\/wp\/v2\/product"}],"about":[{"href":"https:\/\/gymupstore.cl\/index.php\/wp-json\/wp\/v2\/types\/product"}],"replies":[{"embeddable":true,"href":"https:\/\/gymupstore.cl\/index.php\/wp-json\/wp\/v2\/comments?post=11849"}],"wp:featuredmedia":[{"embeddable":true,"href":"https:\/\/gymupstore.cl\/index.php\/wp-json\/wp\/v2\/media\/11850"}],"wp:attachment":[{"href":"https:\/\/gymupstore.cl\/index.php\/wp-json\/wp\/v2\/media?parent=11849"}],"wp:term":[{"taxonomy":"location","embeddable":true,"href":"https:\/\/gymupstore.cl\/index.php\/wp-json\/wp\/v2\/location?post=11849"},{"taxonomy":"product_cat","embeddable":true,"href":"https:\/\/gymupstore.cl\/index.php\/wp-json\/wp\/v2\/product_cat?post=11849"},{"taxonomy":"product_tag","embeddable":true,"href":"https:\/\/gymupstore.cl\/index.php\/wp-json\/wp\/v2\/product_tag?post=11849"}],"curies":[{"name":"wp","href":"https:\/\/api.w.org\/{rel}","templated":true}]}}