{"id":11750,"date":"2024-06-07T02:05:25","date_gmt":"2024-06-07T05:05:25","guid":{"rendered":"https:\/\/gymupstore.cl\/?post_type=product&#038;p=11750"},"modified":"2024-06-07T02:07:50","modified_gmt":"2024-06-07T05:07:50","slug":"magtein-magnesium-l-threonate-l-treonato-de-magnesio-60-capsulas","status":"publish","type":"product","link":"https:\/\/gymupstore.cl\/index.php\/producto\/magtein-magnesium-l-threonate-l-treonato-de-magnesio-60-capsulas\/","title":{"rendered":"Magtein Magnesium L-Threonate (L-treonato de magnesio) | 60 c\u00e1psulas"},"content":{"rendered":"<p>Magtein (L-treonato de magnesio)\u00a0<b>es una forma patentada de Mg que cruza f\u00e1cilmente la barrera hematoencef\u00e1lica para su utilizaci\u00f3n en el cerebro<\/b>. Los estudios de laboratorio indican que Magtein apoya la salud del cerebro y puede facilitar el aprendizaje y la memoria, as\u00ed como un estado de \u00e1nimo relajado.<\/p>\n","protected":false},"excerpt":{"rendered":"<p>Magtein (L-treonato de magnesio)\u00a0es una forma patentada de Mg que [&hellip;]<\/p>\n","protected":false},"featured_media":11757,"comment_status":"open","ping_status":"closed","template":"","meta":[],"location":[495],"product_cat":[725,32],"product_tag":[],"locations":[{"id":495,"name":"PMC","slug":"gymupstore-pmc","quantity":"3"}],"_links":{"self":[{"href":"https:\/\/gymupstore.cl\/index.php\/wp-json\/wp\/v2\/product\/11750"}],"collection":[{"href":"https:\/\/gymupstore.cl\/index.php\/wp-json\/wp\/v2\/product"}],"about":[{"href":"https:\/\/gymupstore.cl\/index.php\/wp-json\/wp\/v2\/types\/product"}],"replies":[{"embeddable":true,"href":"https:\/\/gymupstore.cl\/index.php\/wp-json\/wp\/v2\/comments?post=11750"}],"wp:featuredmedia":[{"embeddable":true,"href":"https:\/\/gymupstore.cl\/index.php\/wp-json\/wp\/v2\/media\/11757"}],"wp:attachment":[{"href":"https:\/\/gymupstore.cl\/index.php\/wp-json\/wp\/v2\/media?parent=11750"}],"wp:term":[{"taxonomy":"location","embeddable":true,"href":"https:\/\/gymupstore.cl\/index.php\/wp-json\/wp\/v2\/location?post=11750"},{"taxonomy":"product_cat","embeddable":true,"href":"https:\/\/gymupstore.cl\/index.php\/wp-json\/wp\/v2\/product_cat?post=11750"},{"taxonomy":"product_tag","embeddable":true,"href":"https:\/\/gymupstore.cl\/index.php\/wp-json\/wp\/v2\/product_tag?post=11750"}],"curies":[{"name":"wp","href":"https:\/\/api.w.org\/{rel}","templated":true}]}}