{"id":11581,"date":"2024-05-07T23:37:14","date_gmt":"2024-05-08T02:37:14","guid":{"rendered":"https:\/\/gymupstore.cl\/?post_type=product&#038;p=11581"},"modified":"2024-05-07T23:37:58","modified_gmt":"2024-05-08T02:37:58","slug":"fat-grips-empunadura-de-silicona-para-barra-y-mancuerna-par","status":"publish","type":"product","link":"https:\/\/gymupstore.cl\/index.php\/producto\/fat-grips-empunadura-de-silicona-para-barra-y-mancuerna-par\/","title":{"rendered":"Fat Grips Empu\u00f1adura de Silicona para Barra y Mancuerna (Par)"},"content":{"rendered":"<p>Un mango m\u00e1s grueso puede mejorar su capacidad de estimulaci\u00f3n muscular, que se traduce en mayor masa muscular y Fuerza del antebrazo, la mano y toda la parte superior del cuerpo.<br \/>\nReduce la presi\u00f3n sobre las articulaciones dispersando la presi\u00f3n sobre una superficie m\u00e1s grande y transfiri\u00e9ndola a los m\u00fasculos, reduciendo as\u00ed el dolor articular y reduciendo la presi\u00f3n y la presi\u00f3n en las mu\u00f1ecas, \u00a1Las manos y los dedos!<br \/>\nAdecuado para: mancuernas, mancuernas, varillas de tracci\u00f3n, varillas de empuje o accesorios de cable, etc.<br \/>\nFunci\u00f3n: Previene lesiones, alivia el dolor de manos, previene callos articulares y estr\u00e9s.<\/p>\n<p>Tama\u00f1o: Alto 10cm, ancho 5cm (adecuado para pesas, mancuernas, hervidores y otros equipos de fitness con un di\u00e1metro de 2,5\/2,8\/3,0 cm).<\/p>\n<p>INCLUYE 2 UNIDADES<\/p>\n","protected":false},"excerpt":{"rendered":"<p>Un mango m\u00e1s grueso puede mejorar su capacidad de estimulaci\u00f3n [&hellip;]<\/p>\n","protected":false},"featured_media":11584,"comment_status":"open","ping_status":"closed","template":"","meta":[],"location":[495],"product_cat":[398,34,439],"product_tag":[],"locations":[{"id":495,"name":"PMC","slug":"gymupstore-pmc","quantity":""}],"_links":{"self":[{"href":"https:\/\/gymupstore.cl\/index.php\/wp-json\/wp\/v2\/product\/11581"}],"collection":[{"href":"https:\/\/gymupstore.cl\/index.php\/wp-json\/wp\/v2\/product"}],"about":[{"href":"https:\/\/gymupstore.cl\/index.php\/wp-json\/wp\/v2\/types\/product"}],"replies":[{"embeddable":true,"href":"https:\/\/gymupstore.cl\/index.php\/wp-json\/wp\/v2\/comments?post=11581"}],"wp:featuredmedia":[{"embeddable":true,"href":"https:\/\/gymupstore.cl\/index.php\/wp-json\/wp\/v2\/media\/11584"}],"wp:attachment":[{"href":"https:\/\/gymupstore.cl\/index.php\/wp-json\/wp\/v2\/media?parent=11581"}],"wp:term":[{"taxonomy":"location","embeddable":true,"href":"https:\/\/gymupstore.cl\/index.php\/wp-json\/wp\/v2\/location?post=11581"},{"taxonomy":"product_cat","embeddable":true,"href":"https:\/\/gymupstore.cl\/index.php\/wp-json\/wp\/v2\/product_cat?post=11581"},{"taxonomy":"product_tag","embeddable":true,"href":"https:\/\/gymupstore.cl\/index.php\/wp-json\/wp\/v2\/product_tag?post=11581"}],"curies":[{"name":"wp","href":"https:\/\/api.w.org\/{rel}","templated":true}]}}