{"id":11170,"date":"2024-02-13T21:54:28","date_gmt":"2024-02-14T00:54:28","guid":{"rendered":"https:\/\/gymupstore.cl\/?post_type=product&#038;p=11170"},"modified":"2025-03-27T15:44:36","modified_gmt":"2025-03-27T18:44:36","slug":"audifono-lenovo-lp75-variedades","status":"publish","type":"product","link":"https:\/\/gymupstore.cl\/index.php\/producto\/audifono-lenovo-lp75-variedades\/","title":{"rendered":"Aud\u00edfono Lenovo LP75 | Variedades"},"content":{"rendered":"<p>Lenovo LP75 BT5.3 Auriculares de Micr\u00f3fono de Micr\u00f3fono Incorporado Auriculares Auriculares Auriculares &#8211; Negro &#8211; Blanco<\/p>\n<p>la tecnolog\u00eda bt 5.3 trae velocidad de transferencia de datos de alta velocidad, rendimiento estable y bajo consumo de energ\u00eda. con la verdadera tecnolog\u00eda est\u00e9reo inal\u00e1mbrica, los canales de o\u00eddo izquierdo y derecho est\u00e1n separados. puede usar los auriculares \u00fanicamente o usarlos en parejas. la caja de carga de 300 mah habilita la carga magn\u00e9tica de los auriculares. el micr\u00f3fono dual incorporado ofrece un sonido de conversaci\u00f3n m\u00e1s claro y real. la pantalla led de la bater\u00eda muestra claramente el subsidio de la bater\u00eda de la caja de carga y los auriculares. sus ganchos de o\u00eddo de ajuste seguro mantienen a los auriculares en su lugar incluso durante entrenamientos \u00e1speros, c\u00f3modos y estables para usar.<\/p>\n<p>los ganchos de o\u00eddo de ajuste seguro mantienen a los auriculares en su lugar incluso durante entrenamientos \u00e1speros, c\u00f3modos y estables para usar<\/p>\n<p>bt 5.3 la tecnolog\u00eda garantiza una alta velocidad de transferencia de datos, conexi\u00f3n estable y bajo consumo de energ\u00eda<\/p>\n<p>auto encendido y emparejamiento r\u00e1pido entre los auriculares izquierdo y derecho una vez sacado del estuche de carga<\/p>\n<p>dise\u00f1o de control t\u00e1ctil, no m\u00e1s presi\u00f3n sobre sus o\u00eddos. f\u00e1cil de controlar la m\u00fasica y las llamadas, y activar el asistente de voz (solo para ios)<\/p>\n<p>un estuche de carga de 300 mah puede cobrar y almacenar los auriculares. la bater\u00eda de 40 mah en cada auricular ofrece aproximadamente 6 horas de tiempo musical<\/p>\n<p>la pantalla de pantalla digital de la bater\u00eda led muestra claramente el subsidio de la bater\u00eda de la caja de carga y los auriculares<\/p>\n<p>el micr\u00f3fono incorporado en ambos auriculares ofrece un sonido parlante m\u00e1s claro en modo est\u00e9reo, con manos libres y conveniente de usar<\/p>\n","protected":false},"excerpt":{"rendered":"<p>Especificaciones:<\/p>\n<ul>\n<li>Nombre de Marca: Lenovo<\/li>\n<li>N\u00famero de Modelo: LP75<\/li>\n<li>Versi\u00f3n Bt: 5.3<\/li>\n<li>Distancia de Transmisi\u00f3n: 13m (sin Obst\u00e1culo)<\/li>\n<li>Rango de Respuesta de Frecuencia: 20hz-20khz<\/li>\n<li>Impedancia: 32<\/li>\n<li>Sensibilidad: 92db<\/li>\n<li>Capacidad de la Bater\u00eda de Auriculares: 3.7V 40 Mah<\/li>\n<li>Capacidad de la Caja de Carga: 3.7V 300mAh<\/li>\n<li>Tiempo de M\u00fasica: Aproximadamente 6 Horas<\/li>\n<\/ul>\n","protected":false},"featured_media":11181,"comment_status":"open","ping_status":"closed","template":"","meta":[],"location":[495],"product_cat":[625,496],"product_tag":[],"locations":[{"id":495,"name":"PMC","slug":"gymupstore-pmc","quantity":""}],"_links":{"self":[{"href":"https:\/\/gymupstore.cl\/index.php\/wp-json\/wp\/v2\/product\/11170"}],"collection":[{"href":"https:\/\/gymupstore.cl\/index.php\/wp-json\/wp\/v2\/product"}],"about":[{"href":"https:\/\/gymupstore.cl\/index.php\/wp-json\/wp\/v2\/types\/product"}],"replies":[{"embeddable":true,"href":"https:\/\/gymupstore.cl\/index.php\/wp-json\/wp\/v2\/comments?post=11170"}],"wp:featuredmedia":[{"embeddable":true,"href":"https:\/\/gymupstore.cl\/index.php\/wp-json\/wp\/v2\/media\/11181"}],"wp:attachment":[{"href":"https:\/\/gymupstore.cl\/index.php\/wp-json\/wp\/v2\/media?parent=11170"}],"wp:term":[{"taxonomy":"location","embeddable":true,"href":"https:\/\/gymupstore.cl\/index.php\/wp-json\/wp\/v2\/location?post=11170"},{"taxonomy":"product_cat","embeddable":true,"href":"https:\/\/gymupstore.cl\/index.php\/wp-json\/wp\/v2\/product_cat?post=11170"},{"taxonomy":"product_tag","embeddable":true,"href":"https:\/\/gymupstore.cl\/index.php\/wp-json\/wp\/v2\/product_tag?post=11170"}],"curies":[{"name":"wp","href":"https:\/\/api.w.org\/{rel}","templated":true}]}}