{"id":10630,"date":"2023-11-11T15:53:31","date_gmt":"2023-11-11T18:53:31","guid":{"rendered":"https:\/\/gymupstore.cl\/?post_type=product&#038;p=10630"},"modified":"2023-11-11T15:59:44","modified_gmt":"2023-11-11T18:59:44","slug":"trinity-seven-1-ivrea-argentina","status":"publish","type":"product","link":"https:\/\/gymupstore.cl\/index.php\/producto\/trinity-seven-1-ivrea-argentina\/","title":{"rendered":"Trinity Seven 1 | Ivrea Argentina"},"content":{"rendered":"<p>Arata Kasuga vive una com\u00fan y corriente vida junto a su prima, Hijiri, cuando un d\u00eda el sol se puso negro y un misterioso acontecimiento denominado &#8220;fen\u00f3meno de colapso&#8221; la hace desaparecer ante sus ojos. Decidido a erradicar ese fen\u00f3meno y a traer a Hijiri de regreso, Arata se une a la Real Academia Biblia. Es un duro camino por delante pero nada que sea imposible cuando a su lado tendr\u00e1 a un grupo de siete chicas muy lindas -cada una maestra en su propio arte m\u00e1gico-, las integrantes de Trinity Seven<\/p>\n","protected":false},"excerpt":{"rendered":"<p>Arata Kasuga vive una com\u00fan y corriente vida junto a [&hellip;]<\/p>\n","protected":false},"featured_media":10631,"comment_status":"open","ping_status":"closed","template":"","meta":[],"location":[495],"product_cat":[520,599,672,496],"product_tag":[],"locations":[{"id":495,"name":"PMC","slug":"gymupstore-pmc","quantity":"1"}],"_links":{"self":[{"href":"https:\/\/gymupstore.cl\/index.php\/wp-json\/wp\/v2\/product\/10630"}],"collection":[{"href":"https:\/\/gymupstore.cl\/index.php\/wp-json\/wp\/v2\/product"}],"about":[{"href":"https:\/\/gymupstore.cl\/index.php\/wp-json\/wp\/v2\/types\/product"}],"replies":[{"embeddable":true,"href":"https:\/\/gymupstore.cl\/index.php\/wp-json\/wp\/v2\/comments?post=10630"}],"wp:featuredmedia":[{"embeddable":true,"href":"https:\/\/gymupstore.cl\/index.php\/wp-json\/wp\/v2\/media\/10631"}],"wp:attachment":[{"href":"https:\/\/gymupstore.cl\/index.php\/wp-json\/wp\/v2\/media?parent=10630"}],"wp:term":[{"taxonomy":"location","embeddable":true,"href":"https:\/\/gymupstore.cl\/index.php\/wp-json\/wp\/v2\/location?post=10630"},{"taxonomy":"product_cat","embeddable":true,"href":"https:\/\/gymupstore.cl\/index.php\/wp-json\/wp\/v2\/product_cat?post=10630"},{"taxonomy":"product_tag","embeddable":true,"href":"https:\/\/gymupstore.cl\/index.php\/wp-json\/wp\/v2\/product_tag?post=10630"}],"curies":[{"name":"wp","href":"https:\/\/api.w.org\/{rel}","templated":true}]}}