{"id":10332,"date":"2023-09-22T21:00:33","date_gmt":"2023-09-22T21:00:33","guid":{"rendered":"https:\/\/gymupstore.cl\/?post_type=product&#038;p=10332"},"modified":"2025-09-30T06:41:00","modified_gmt":"2025-09-30T09:41:00","slug":"nordic-zma-booster-new-60-servicios-120-caps","status":"publish","type":"product","link":"https:\/\/gymupstore.cl\/index.php\/producto\/nordic-zma-booster-new-60-servicios-120-caps\/","title":{"rendered":"Nordic ZMA Booster (NEW) | 60 servicios (120 caps)"},"content":{"rendered":"<h4>Descripci\u00f3n y efectos.<\/h4>\n<p>Nueva f\u00f3rmula de NORDIC ZMA BOOSTER de MONSTABOLIC es un suplemento alimentario que contiene nutrientes que potencian el sistema inmune, fortalecen el sistema \u00f3seo, estimulan la fuerza y potencia muscular, adem\u00e1s de la liberaci\u00f3n normal de testosterona. (Zinc, Magnesio, vitamina B6 y vitamina D3).<br \/>\nNORDIC ZMA BOOSTER\u00a0 adem\u00e1s contiene Vinitrox \u00ae, un potente agente antioxidante de origen natural.<\/p>\n<h4>Ingredientes de Nordic ZMA Booster:<\/h4>\n<ul>\n<li>\u00d3xido de Magnesio, L-Arginina, Orotato de Zinc, Vinitrox \u00ae, vitamina B6, vitamina D3, tixosil y c\u00e1psula de gelatina.<\/li>\n<\/ul>\n<h4>Ingesta Sugerida:<\/h4>\n<p>Ingiera 2 c\u00e1psulas de NORDIC BOOSTER 30 minutos antes de entrenar o 30 minutos antes de dormir.<\/p>\n","protected":false},"excerpt":{"rendered":"<h4>Caracter\u00edsticas de Nordic ZMA Booster:<\/h4>\n<ul>\n<li>Night Recovery<\/li>\n<li>50 mg Zinc aminoquelado<\/li>\n<li>400 mg \u00d3xido de Magnesio<\/li>\n<li>10 mg Vit B6<\/li>\n<li>20 mcg Vit D3<\/li>\n<li>40 mg Vinitrox \u00ae<\/li>\n<li>120 c\u00e1psulas \/ 60 servicios<\/li>\n<\/ul>\n","protected":false},"featured_media":10333,"comment_status":"open","ping_status":"closed","template":"","meta":[],"location":[495],"product_cat":[37,31],"product_tag":[],"locations":[{"id":495,"name":"PMC","slug":"gymupstore-pmc","quantity":"8"}],"_links":{"self":[{"href":"https:\/\/gymupstore.cl\/index.php\/wp-json\/wp\/v2\/product\/10332"}],"collection":[{"href":"https:\/\/gymupstore.cl\/index.php\/wp-json\/wp\/v2\/product"}],"about":[{"href":"https:\/\/gymupstore.cl\/index.php\/wp-json\/wp\/v2\/types\/product"}],"replies":[{"embeddable":true,"href":"https:\/\/gymupstore.cl\/index.php\/wp-json\/wp\/v2\/comments?post=10332"}],"wp:featuredmedia":[{"embeddable":true,"href":"https:\/\/gymupstore.cl\/index.php\/wp-json\/wp\/v2\/media\/10333"}],"wp:attachment":[{"href":"https:\/\/gymupstore.cl\/index.php\/wp-json\/wp\/v2\/media?parent=10332"}],"wp:term":[{"taxonomy":"location","embeddable":true,"href":"https:\/\/gymupstore.cl\/index.php\/wp-json\/wp\/v2\/location?post=10332"},{"taxonomy":"product_cat","embeddable":true,"href":"https:\/\/gymupstore.cl\/index.php\/wp-json\/wp\/v2\/product_cat?post=10332"},{"taxonomy":"product_tag","embeddable":true,"href":"https:\/\/gymupstore.cl\/index.php\/wp-json\/wp\/v2\/product_tag?post=10332"}],"curies":[{"name":"wp","href":"https:\/\/api.w.org\/{rel}","templated":true}]}}