{"id":10278,"date":"2023-09-11T18:18:13","date_gmt":"2023-09-11T18:18:13","guid":{"rendered":"https:\/\/gymupstore.cl\/?post_type=product&#038;p=10278"},"modified":"2023-09-11T18:19:00","modified_gmt":"2023-09-11T18:19:00","slug":"yeah-buddy-xtreme-pre-workout-30-servicios","status":"publish","type":"product","link":"https:\/\/gymupstore.cl\/index.php\/producto\/yeah-buddy-xtreme-pre-workout-30-servicios\/","title":{"rendered":"Yeah Buddy Xtreme Pre Workout | 30 servicios"},"content":{"rendered":"<p>Lo \u00faltimo de Ronnie Coleman y su marca es Yeah Buddy Xtreme, un pre-entrenamiento m\u00e1s intenso, potente y contundente centrado en brindar una poderosa combinaci\u00f3n de energ\u00eda y enfoque mental. La f\u00f3rmula detr\u00e1s del suplemento ciertamente refleja eso, ya que todos sus ingredientes clave son conocidos por esos beneficios sensoriales de mayor energ\u00eda y concentraci\u00f3n.<\/p>\n<p>Tenemos el panel de datos de Yeah Buddy Xtreme en la imagen de arriba, que incluye 550 mg de bitartrato de colina, 100 mg de Advantra Z, 150 mg de bayas de enebro y 62,5 mg exactos de TeaCrine y Dynamine, ambos estandarizados al 40 %. La cafe\u00edna es, por supuesto, otra caracter\u00edstica del pre-entrenamiento Ronnie Coleman Signature Series en una potente cantidad de 420 mg y, por \u00faltimo, hay 5 mg de pimienta negra para mejorar la absorci\u00f3n y la eficacia.<\/p>\n<p><strong>Recomendaci\u00f3n de uso:<\/strong><\/p>\n<p>En un vaso mezclar una porci\u00f3n del producto con 200ml de agua fr\u00eda, consumir 30-45 minutos antes del entrenamiento. Consumo m\u00e1ximo 1 porci\u00f3n al d\u00eda.<\/p>\n","protected":false},"excerpt":{"rendered":"<p>Lo \u00faltimo de Ronnie Coleman y su marca es Yeah [&hellip;]<\/p>\n","protected":false},"featured_media":10264,"comment_status":"open","ping_status":"closed","template":"","meta":[],"location":[495],"product_cat":[28,287],"product_tag":[],"locations":[{"id":495,"name":"PMC","slug":"gymupstore-pmc","quantity":""}],"_links":{"self":[{"href":"https:\/\/gymupstore.cl\/index.php\/wp-json\/wp\/v2\/product\/10278"}],"collection":[{"href":"https:\/\/gymupstore.cl\/index.php\/wp-json\/wp\/v2\/product"}],"about":[{"href":"https:\/\/gymupstore.cl\/index.php\/wp-json\/wp\/v2\/types\/product"}],"replies":[{"embeddable":true,"href":"https:\/\/gymupstore.cl\/index.php\/wp-json\/wp\/v2\/comments?post=10278"}],"wp:featuredmedia":[{"embeddable":true,"href":"https:\/\/gymupstore.cl\/index.php\/wp-json\/wp\/v2\/media\/10264"}],"wp:attachment":[{"href":"https:\/\/gymupstore.cl\/index.php\/wp-json\/wp\/v2\/media?parent=10278"}],"wp:term":[{"taxonomy":"location","embeddable":true,"href":"https:\/\/gymupstore.cl\/index.php\/wp-json\/wp\/v2\/location?post=10278"},{"taxonomy":"product_cat","embeddable":true,"href":"https:\/\/gymupstore.cl\/index.php\/wp-json\/wp\/v2\/product_cat?post=10278"},{"taxonomy":"product_tag","embeddable":true,"href":"https:\/\/gymupstore.cl\/index.php\/wp-json\/wp\/v2\/product_tag?post=10278"}],"curies":[{"name":"wp","href":"https:\/\/api.w.org\/{rel}","templated":true}]}}