{"id":5502,"date":"2021-02-09T22:04:50","date_gmt":"2021-02-09T22:04:50","guid":{"rendered":"https:\/\/gymupstore.cl\/?page_id=5502"},"modified":"2022-01-20T21:50:14","modified_gmt":"2022-01-20T21:50:14","slug":"mistergus","status":"publish","type":"page","link":"https:\/\/gymupstore.cl\/index.php\/mistergus\/","title":{"rendered":"Mister &#038; Misses GUS Energy"},"content":{"rendered":"<div class=\"fusion-fullwidth fullwidth-box fusion-builder-row-1 nonhundred-percent-fullwidth non-hundred-percent-height-scrolling\" style=\"background-color: rgba(255,255,255,0);background-position: center center;background-repeat: no-repeat;padding-top:0px;padding-right:0px;padding-bottom:0px;padding-left:0px;margin-bottom: 0px;margin-top: 0px;border-width: 0px 0px 0px 0px;border-color:#eae9e9;border-style:solid;\" ><div class=\"fusion-builder-row fusion-row\"><div class=\"fusion-layout-column fusion_builder_column fusion-builder-column-0 fusion_builder_column_1_3 1_3 fusion-one-third fusion-column-first\" style=\"width:33.333333333333%;width:calc(33.333333333333% - ( ( 4% ) * 0.33333333333333 ) );margin-right: 4%;margin-top:0px;margin-bottom:20px;\"><div class=\"fusion-column-wrapper fusion-flex-column-wrapper-legacy\" style=\"background-position:center center;background-repeat:no-repeat;-webkit-background-size:cover;-moz-background-size:cover;-o-background-size:cover;background-size:cover;padding: 0px 0px 0px 0px;\"><div class=\"imageframe-align-center\"><span class=\" fusion-imageframe imageframe-none imageframe-1 hover-type-none\"><img width=\"1200\" height=\"1600\" title=\"png_20220119_135712_0000\" src=\"https:\/\/gymupstore.cl\/wp-content\/uploads\/2022\/01\/png_20220119_135712_0000.png\" alt class=\"img-responsive wp-image-6348\" srcset=\"https:\/\/gymupstore.cl\/wp-content\/uploads\/2022\/01\/png_20220119_135712_0000-200x267.png 200w, https:\/\/gymupstore.cl\/wp-content\/uploads\/2022\/01\/png_20220119_135712_0000-400x533.png 400w, https:\/\/gymupstore.cl\/wp-content\/uploads\/2022\/01\/png_20220119_135712_0000-600x800.png 600w, https:\/\/gymupstore.cl\/wp-content\/uploads\/2022\/01\/png_20220119_135712_0000-800x1067.png 800w, https:\/\/gymupstore.cl\/wp-content\/uploads\/2022\/01\/png_20220119_135712_0000.png 1200w\" sizes=\"(max-width: 1150px) 100vw, 600px\" \/><\/span><\/div><div class=\"fusion-clearfix\"><\/div><\/div><\/div><div class=\"fusion-layout-column fusion_builder_column fusion-builder-column-1 fusion_builder_column_2_3 2_3 fusion-two-third fusion-column-last\" style=\"width:66.666666666667%;width:calc(66.666666666667% - ( ( 4% ) * 0.66666666666667 ) );margin-top:0px;margin-bottom:20px;\"><div class=\"fusion-column-wrapper fusion-flex-column-wrapper-legacy\" style=\"background-position:left top;background-repeat:no-repeat;-webkit-background-size:cover;-moz-background-size:cover;-o-background-size:cover;background-size:cover;padding: 0px 0px 0px 0px;\"><div class=\"fusion-text fusion-text-1\"><p><strong>Componentes.<\/strong><\/p>\n<p><strong>Cafe\u00edna<\/strong>: es un componente que tiene efecto termog\u00e9nico (favorece la quema de grasa) y de estimulaci\u00f3n del estado de vigilia del organismo, aumentando a su vez nuestra energ\u00eda.<\/p>\n<p><strong>Taurina<\/strong>: es un amino\u00e1cido que activa el metabolismo de la glucosa y tiene un efecto antioxidante.<\/p>\n<p><strong>Vitaminas<\/strong>: son nutrientes naturales que permiten mantener las funciones normales del organismo.<\/p>\n<p><strong>Sucralosa Splenda<\/strong>: endulzante del sabor similar al az\u00facar, sin calor\u00edas y estable en el tiempo.<\/p>\n<p><strong>L-Carnitina L-Tartrato (Misses GUS):<\/strong> ayuda a convertir la grasa acumulada en el cuerpo en fuentes de energ\u00eda, mejora la capacidad de recuperaci\u00f3n, previene el da\u00f1o muscular y favorece a la oxigenaci\u00f3n de las c\u00e9lulas.<\/p>\n<p><strong>Usos m\u00e1s frecuentes<\/strong><\/p>\n<p>Especialmente indicada para realizar todo tipo de deportes, efectuar largas jornadas de trabajo o estudio y para disfrutar del tiempo libre.<\/p>\n<\/div><style type=\"text\/css\"><\/style><div class=\"fusion-title title fusion-title-1 fusion-sep-none fusion-title-text fusion-title-size-one\" style=\"font-size:12px;margin-top:0px;margin-right:0px;margin-bottom:40px;margin-left:0px;\"><h1 class=\"title-heading-left fusion-responsive-typography-calculated\" style=\"margin:0;font-size:1em;--fontSize:12;--minFontSize:12px;line-height:1.2;\"><p><strong>Advertencia<\/strong><br \/>\nMister &amp; Misses GUS Energy Drink no son recomendables para menores de 15 a\u00f1os, en embarazo ni lactancia.<\/p><\/h1><\/div><div class=\"fusion-button-wrapper\"><style>.fusion-button.button-1{border-radius:40px 40px 40px 40px;}<\/style><a class=\"fusion-button button-flat button-large button-default button-1 fusion-button-default-span fusion-button-default-type\" target=\"_self\" href=\"https:\/\/gymupstore.cl\/index.php\/categoria-producto\/marcas\/gym-up-store-supplements\/\"><i class=\"fa-shopping-cart fas button-icon-left\" aria-hidden=\"true\"><\/i><span class=\"fusion-button-text\">COMPRAR<\/span><\/a><\/div><div class=\"fusion-sep-clear\"><\/div><div class=\"fusion-separator fusion-full-width-sep\" style=\"margin-left: auto;margin-right: auto;margin-top:30px;width:100%;\"><\/div><div class=\"fusion-sep-clear\"><\/div><span class=\" fusion-imageframe imageframe-none imageframe-2 hover-type-none\"><img width=\"6000\" height=\"1800\" title=\"png_20220119_133949_0000\" src=\"https:\/\/gymupstore.cl\/wp-content\/uploads\/2022\/01\/png_20220119_133949_0000.png\" alt class=\"img-responsive wp-image-6347\" srcset=\"https:\/\/gymupstore.cl\/wp-content\/uploads\/2022\/01\/png_20220119_133949_0000-200x60.png 200w, https:\/\/gymupstore.cl\/wp-content\/uploads\/2022\/01\/png_20220119_133949_0000-400x120.png 400w, https:\/\/gymupstore.cl\/wp-content\/uploads\/2022\/01\/png_20220119_133949_0000-600x180.png 600w, https:\/\/gymupstore.cl\/wp-content\/uploads\/2022\/01\/png_20220119_133949_0000-800x240.png 800w, https:\/\/gymupstore.cl\/wp-content\/uploads\/2022\/01\/png_20220119_133949_0000-1200x360.png 1200w, https:\/\/gymupstore.cl\/wp-content\/uploads\/2022\/01\/png_20220119_133949_0000.png 6000w\" sizes=\"(max-width: 1150px) 100vw, 1200px\" \/><\/span><div class=\"fusion-clearfix\"><\/div><\/div><\/div><\/div><\/div>\n","protected":false},"excerpt":{"rendered":"","protected":false},"author":1,"featured_media":5507,"parent":0,"menu_order":0,"comment_status":"closed","ping_status":"closed","template":"100-width.php","meta":[],"_links":{"self":[{"href":"https:\/\/gymupstore.cl\/index.php\/wp-json\/wp\/v2\/pages\/5502"}],"collection":[{"href":"https:\/\/gymupstore.cl\/index.php\/wp-json\/wp\/v2\/pages"}],"about":[{"href":"https:\/\/gymupstore.cl\/index.php\/wp-json\/wp\/v2\/types\/page"}],"author":[{"embeddable":true,"href":"https:\/\/gymupstore.cl\/index.php\/wp-json\/wp\/v2\/users\/1"}],"replies":[{"embeddable":true,"href":"https:\/\/gymupstore.cl\/index.php\/wp-json\/wp\/v2\/comments?post=5502"}],"version-history":[{"count":13,"href":"https:\/\/gymupstore.cl\/index.php\/wp-json\/wp\/v2\/pages\/5502\/revisions"}],"predecessor-version":[{"id":5506,"href":"https:\/\/gymupstore.cl\/index.php\/wp-json\/wp\/v2\/pages\/5502\/revisions\/5506"}],"wp:featuredmedia":[{"embeddable":true,"href":"https:\/\/gymupstore.cl\/index.php\/wp-json\/wp\/v2\/media\/5507"}],"wp:attachment":[{"href":"https:\/\/gymupstore.cl\/index.php\/wp-json\/wp\/v2\/media?parent=5502"}],"curies":[{"name":"wp","href":"https:\/\/api.w.org\/{rel}","templated":true}]}}